{"id":188,"date":"2017-07-01T21:17:15","date_gmt":"2017-07-01T19:17:15","guid":{"rendered":"http:\/\/ioer.org\/?page_id=188"},"modified":"2017-07-01T22:11:01","modified_gmt":"2017-07-01T20:11:01","slug":"konferenz-public-value-2012","status":"publish","type":"page","link":"https:\/\/ioer.org\/?page_id=188","title":{"rendered":"Konferenz Public Value 2012"},"content":{"rendered":"<p>Public Value<br \/>\nWas soll der \u00f6ffentlich-rechtliche Rundfunk f\u00fcr die Gesellschaft leisten?<br \/>\nEin Symposion des Initiativkreises \u00d6ffentlicher Rundfunk K\u00f6ln<\/p>\n<p>Reinhard Gr\u00e4tz: Begr\u00fc\u00dfung \u2013\u00a0<a href=\"https:\/\/ioer.org\/wp-content\/uploads\/2017\/07\/01.-Begruessung-Reinhardt-Graetz.mp3\">MP3<\/a>\u00a0\u2013\u00a0<a href=\"https:\/\/ioer.org\/wp-content\/uploads\/2017\/07\/2012-public-value-graetz-begruessung.pdf\" target=\"_blank\" rel=\"noopener\">Text<\/a><\/p>\n<p>Marc Jan Eumann: Gru\u00dfwort \u2013\u00a0<a href=\"https:\/\/ioer.org\/wp-content\/uploads\/2017\/07\/02.-Grusswort-Marc-Jan-Eumann.mp3\">MP3<\/a>\u00a0\u2013\u00a0<a href=\"https:\/\/ioer.org\/wp-content\/uploads\/2017\/07\/2012-public-value-grusswort_eumann.pdf\" target=\"_blank\" rel=\"noopener\">Text<\/a><\/p>\n<p>Michael Ridder: Moderation \u2013 <a href=\"https:\/\/ioer.org\/wp-content\/uploads\/2017\/07\/03.-Moderation-Michael-Ridder.mp3\">MP3<\/a><\/p>\n<p>Prof. Dr. Helge Rossen-Stadtfeld: Der Programmauftrag des \u00f6ffentlich-rechtlichen Rundfunks in der dualen Rundfunkordnung. Eine verfassungsrechtliche Einordnung\u2013\u00a0<a href=\"https:\/\/ioer.org\/wp-content\/uploads\/2017\/07\/04.-Der-Programmauftrag-des-oeffentlich-rechtlichen-Rundfunks-in-der-dualen-Rundfunkordnung-Prof.-Dr.-Helge-Rossen-Stadtfeld.mp3\">MP3<\/a>\u00a0\u2013\u00a0<a href=\"https:\/\/ioer.org\/wp-content\/uploads\/2017\/07\/2012-public-value-rossen-stadtfeld.pdf\" target=\"_blank\" rel=\"noopener\">Text<\/a><\/p>\n<p>Prof. Dr. Hans-J\u00fcrgen Wei\u00df: Die Erf\u00fcllung des \u00f6ffentlich-rechtlichen Programmauftrags in der Langzeitbetrachtung. Eine medienwissenschaftliche Bestandsaufnahme \u2013\u00a0<a href=\"https:\/\/ioer.org\/wp-content\/uploads\/2017\/07\/05.-Die-Erfuellung-des-oeffentlich-rechtlichen-Programmauftrags-in-der-Langzeitbetrachtung-Prof.-Dr.-Hans-Juergen-Weiss.mp3\">MP3<\/a><\/p>\n<p>Prof. Christoph Neuberger: Die Erf\u00fcllung des \u00f6ffentlich-rechtlichen Programmauftrags in einer fragmentierten Medienwelt. Ein kommunikationswissenschaftlicher Ausblick \u2013 <a href=\"https:\/\/ioer.org\/wp-content\/uploads\/2017\/07\/06.-Die-Erfuellung-des-oeffentlich-rechtlichen-Programmauftrags-in-einer-fragmentierten-Medienwelt-Prof.-Christoph-Neuberger.mp3\">MP3<\/a><\/p>\n<p>Vormittagsdiskussion \u2013\u00a0<a href=\"https:\/\/ioer.org\/wp-content\/uploads\/2017\/07\/07.-Vormittagsdiskussion.mp3\">MP3<\/a><\/p>\n<p>Thomas Nell: Die Quote als Voraussetzung f\u00fcr die Erf\u00fcllung des oeffentlich-rechtlichen Programmauftrags? \u2013\u00a0<a href=\"https:\/\/ioer.org\/wp-content\/uploads\/2017\/07\/2012-public-value-nell.pdf\" target=\"_blank\" rel=\"noopener\">Text<\/a><\/p>\n<p>Gert Monheim: Die Quote als Hindernis f\u00fcr die Erf\u00fcllung des \u00f6ffentlich-rechtlichen Programmauftrags? \u2013\u00a0<a href=\"https:\/\/ioer.org\/wp-content\/uploads\/2017\/07\/09.-Die-Quote-als-Hindernis-fuer-die-Erfuellung-des-oeffentlich-rechtlichen-Programmauftrags-Gert-Monheim.mp3\">MP3<\/a>\u00a0\u2013\u00a0<a href=\"https:\/\/ioer.org\/wp-content\/uploads\/2017\/07\/2012-public-value-monheim.pdf\" target=\"_blank\" rel=\"noopener\">Text<\/a><\/p>\n<p>Ruth Hieronymi: Die Bestimmung von Qualit\u00e4t und Quote als Aufgabe der Rundfunkgremien? \u2013\u00a0<a href=\"https:\/\/ioer.org\/wp-content\/uploads\/2017\/07\/10.-Die-Bestimmung-von-Qualitaet-und-Quote-als-Aufgabe-der-Rundfunkgremien-Ruth-Hieronymi.mp3>MP3<\/a>\u00a0\u2013\u00a0<a href=\"https:\/\/ioer.org\/wp-content\/uploads\/2017\/07\/2012-public-value-beitrag-hieronymi.pdf\" target=\"_blank\" rel=\"noopener\">Text<\/a><\/p>\n<p>Abschlussdiskussion \u2013 <a href=\"https:\/\/ioer.org\/wp-content\/uploads\/2017\/07\/11.-Abschlussdiskussion.mp3\">MP3<\/a><\/p>\n<p>Dr. Manfred Kops: Schlusswort \u2013 <a href=\"https:\/\/ioer.org\/wp-content\/uploads\/2017\/07\/12.-Schlusswort-Dr.-Manfred-Kops.mp3\">MP3<\/a>\u00a0\u2013\u00a0<a href=\"https:\/\/ioer.org\/wp-content\/uploads\/2017\/07\/2012-public-value-schlusswor-kops.pdf\" target=\"_blank\" rel=\"noopener\">Text<\/a><\/p>\n<h3 align=\"left\">Bilder<\/h3>\n<table border=\"0\" width=\"100%\">\n<tbody>\n<tr>\n<td valign=\"top\"><a href=\"https:\/\/ioer.org\/wp-content\/uploads\/2017\/07\/DSC01212.jpg\" target=\"_blank\" rel=\"noopener\"><img decoding=\"async\" src=\"https:\/\/ioer.org\/wp-content\/uploads\/2017\/07\/DSC01212.jpg\" width=\"100\" align=\"left\" border=\"0\" hspace=\"10\" \/><\/a>Reinhard Gr\u00e4tz, langj\u00e4hriger Vorsitzender des WDR-Rundfunkrats und Mitbegr\u00fcnder des Initiativkreises, begr\u00fc\u00dft die Teilnehmer der Tagung<\/td>\n<td valign=\"top\"><a href=\"https:\/\/ioer.org\/wp-content\/uploads\/2017\/07\/DSC01213.jpg\" target=\"_blank\" rel=\"noopener\"><img decoding=\"async\" src=\"https:\/\/ioer.org\/wp-content\/uploads\/2017\/07\/DSC01213.jpg\" width=\"100\" align=\"left\" border=\"0\" hspace=\"10\" \/><\/a>Etwa 100 Teilnehmer verfolgten die Veranstaltung in der Universit\u00e4t zu K\u00f6ln<\/td>\n<\/tr>\n<tr>\n<td valign=\"top\"><a href=\"https:\/\/ioer.org\/wp-content\/uploads\/2017\/07\/DSC01222.jpg\" target=\"_blank\" rel=\"noopener\"><img decoding=\"async\" src=\"https:\/\/ioer.org\/wp-content\/uploads\/2017\/07\/DSC01222.jpg\" width=\"100\" align=\"left\" border=\"0\" hspace=\"10\" \/><\/a>Marc Jan Eumann, der Medienstaatssekret\u00e4r des Landes NRW, in seinem Gru\u00dfwort<\/td>\n<td valign=\"top\"><a href=\"https:\/\/ioer.org\/wp-content\/uploads\/2017\/07\/DSC01230.jpg\" target=\"_blank\" rel=\"noopener\"><img decoding=\"async\" src=\"https:\/\/ioer.org\/wp-content\/uploads\/2017\/07\/DSC01230.jpg\" width=\"100\" align=\"left\" border=\"0\" hspace=\"10\" \/><\/a>Prof. Dr. Helge Rossen-Stadtfeld referierte zum Thema: \u201eDer Programmauftrag des \u00f6ffentlich-rechtlichen Rundfunks in der dualen Rundfunkordnung. Eine verfassungsrechtliche Einordnung\u201c<\/td>\n<\/tr>\n<tr>\n<td valign=\"top\"><a href=\"https:\/\/ioer.org\/wp-content\/uploads\/2017\/07\/DSC01233.jpg\" target=\"_blank\" rel=\"noopener\"><img decoding=\"async\" src=\"https:\/\/ioer.org\/wp-content\/uploads\/2017\/07\/DSC01233.jpg\" width=\"100\" align=\"left\" border=\"0\" hspace=\"10\" \/><\/a>Prof. Dr. Hans-J\u00fcrgen Wei\u00df von der FU Berlin<\/td>\n<td valign=\"top\"><a href=\"https:\/\/ioer.org\/wp-content\/uploads\/2017\/07\/DSC01245.jpg\" target=\"_blank\" rel=\"noopener\"><img decoding=\"async\" src=\"https:\/\/ioer.org\/wp-content\/uploads\/2017\/07\/DSC01245.jpg\" width=\"100\" align=\"left\" border=\"0\" hspace=\"10\" \/><\/a>Prof. Dr. Christoph Neuberger von der Universit\u00e4t M\u00fcnchen<\/td>\n<\/tr>\n<tr>\n<td valign=\"top\"><a href=\"https:\/\/ioer.org\/wp-content\/uploads\/2017\/07\/DSC01253.jpg\" target=\"_blank\" rel=\"noopener\"><img decoding=\"async\" src=\"https:\/\/ioer.org\/wp-content\/uploads\/2017\/07\/DSC01253.jpg\" width=\"100\" align=\"left\" border=\"0\" hspace=\"10\" \/><\/a>Michael Ridder (rechts) moderierte die Diskussion mit den Referenten des Vormittags: von links: Prof. Wei\u00df, Prof. Neuberger und Prof. Rossen-Stadtfeld<\/td>\n<td valign=\"top\"><a href=\"https:\/\/ioer.org\/wp-content\/uploads\/2017\/07\/DSC01261.jpg\" target=\"_blank\" rel=\"noopener\"><img decoding=\"async\" src=\"https:\/\/ioer.org\/wp-content\/uploads\/2017\/07\/DSC01261.jpg\" width=\"100\" align=\"left\" border=\"0\" hspace=\"10\" \/><\/a>Thomas Nell, WDR, referierte zum Thema: \u201eDie Quote als Voraussetzung f\u00fcr die Erf\u00fcllung des \u00f6ffentlich-rechtlichen Programmauftrags?\u201c<\/td>\n<\/tr>\n<tr>\n<td valign=\"top\"><a href=\"https:\/\/ioer.org\/wp-content\/uploads\/2017\/07\/DSC01263.jpg\" target=\"_blank\" rel=\"noopener\"><img decoding=\"async\" src=\"https:\/\/ioer.org\/wp-content\/uploads\/2017\/07\/DSC01263.jpg\" width=\"100\" align=\"left\" border=\"0\" hspace=\"10\" \/><\/a>Gert Monheim, langj\u00e4hriger Redakteur des WDR, referierte zum Thema: \u201eDie Quote als Hindernis f\u00fcr die Erf\u00fcllung des \u00f6ffentlich-rechtlichen Programmauftrags?\u201c<\/td>\n<td valign=\"top\"><a href=\"https:\/\/ioer.org\/wp-content\/uploads\/2017\/07\/DSC01267.jpg\" target=\"_blank\" rel=\"noopener\"><img decoding=\"async\" src=\"https:\/\/ioer.org\/wp-content\/uploads\/2017\/07\/DSC01267.jpg\" width=\"100\" align=\"left\" border=\"0\" hspace=\"10\" \/><\/a>Ruth Hieronymi, Vorsitzende des WDR-Rundfunkrats, referierte zum Thema: \u201eDie Bestimmung von Qualit\u00e4t und Quote aus Aufgabe der Rundfunkgremien?\u201c<\/td>\n<\/tr>\n<tr>\n<td valign=\"top\"><a href=\"https:\/\/ioer.org\/wp-content\/uploads\/2017\/07\/DSC01280.jpg\" target=\"_blank\" rel=\"noopener\"><img decoding=\"async\" src=\"https:\/\/ioer.org\/wp-content\/uploads\/2017\/07\/DSC01280.jpg\" width=\"100\" align=\"left\" border=\"0\" hspace=\"10\" \/><\/a>Teilnehmer der Abschlussdiskussion (von links): Prof. Dr. Hans-J\u00fcrgen Wei\u00df, Gert Monheim, Thomas Nell, Michael Ridder, Ruth Hieronymi, Prof. Dr. Christoph Neuberger, Prof. Dr. Helge Rossen-Stadtfeld<\/td>\n<td valign=\"top\"><a href=\"https:\/\/ioer.org\/wp-content\/uploads\/2017\/07\/DSC01308.jpg\" target=\"_blank\" rel=\"noopener\"><img decoding=\"async\" src=\"https:\/\/ioer.org\/wp-content\/uploads\/2017\/07\/DSC01308.jpg\" width=\"100\" align=\"left\" border=\"0\" hspace=\"10\" \/><\/a>Dr. Manfred Kops, der Vorsitzende des Initiativkreises \u00d6ffentlicher Rundfunk K\u00f6ln, in seinem Schlusswort<\/td>\n<\/tr>\n<\/tbody>\n<\/table>\n","protected":false},"excerpt":{"rendered":"<p>Public Value Was soll der \u00f6ffentlich-rechtliche Rundfunk f\u00fcr die Gesellschaft leisten? Ein Symposion des Initiativkreises \u00d6ffentlicher Rundfunk K\u00f6ln Reinhard Gr\u00e4tz: Begr\u00fc\u00dfung \u2013\u00a0MP3\u00a0\u2013\u00a0Text Marc Jan Eumann: Gru\u00dfwort \u2013\u00a0MP3\u00a0\u2013\u00a0Text Michael Ridder: Moderation \u2013 MP3 Prof. Dr. Helge Rossen-Stadtfeld: Der Programmauftrag des \u00f6ffentlich-rechtlichen Rundfunks in der dualen Rundfunkordnung. Eine verfassungsrechtliche Einordnung\u2013\u00a0MP3\u00a0\u2013\u00a0Text Prof. Dr. Hans-J\u00fcrgen Wei\u00df: Die Erf\u00fcllung des \u00f6ffentlich-rechtlichen Programmauftrags in der Langzeitbetrachtung. Eine medienwissenschaftliche Bestandsaufnahme \u2013\u00a0MP3 Prof. Christoph Neuberger: Die Erf\u00fcllung des \u00f6ffentlich-rechtlichen Programmauftrags in einer fragmentierten Medienwelt. Ein kommunikationswissenschaftlicher Ausblick \u2013 MP3 Vormittagsdiskussion \u2013\u00a0MP3 Thomas Nell: Die Quote als Voraussetzung f\u00fcr die Erf\u00fcllung des oeffentlich-rechtlichen Programmauftrags? \u2013\u00a0Text Gert Monheim: Die Quote als Hindernis f\u00fcr die Erf\u00fcllung<a class=\"more-link\" href=\"https:\/\/ioer.org\/?page_id=188\">WEITER \u261e<\/a><\/p>\n","protected":false},"author":1,"featured_media":0,"parent":0,"menu_order":0,"comment_status":"closed","ping_status":"closed","template":"","meta":{"footnotes":""},"class_list":["entry","author-horcrux","post-188","page","type-page","status-publish"],"_links":{"self":[{"href":"https:\/\/ioer.org\/index.php?rest_route=\/wp\/v2\/pages\/188","targetHints":{"allow":["GET"]}}],"collection":[{"href":"https:\/\/ioer.org\/index.php?rest_route=\/wp\/v2\/pages"}],"about":[{"href":"https:\/\/ioer.org\/index.php?rest_route=\/wp\/v2\/types\/page"}],"author":[{"embeddable":true,"href":"https:\/\/ioer.org\/index.php?rest_route=\/wp\/v2\/users\/1"}],"replies":[{"embeddable":true,"href":"https:\/\/ioer.org\/index.php?rest_route=%2Fwp%2Fv2%2Fcomments&post=188"}],"version-history":[{"count":17,"href":"https:\/\/ioer.org\/index.php?rest_route=\/wp\/v2\/pages\/188\/revisions"}],"predecessor-version":[{"id":206,"href":"https:\/\/ioer.org\/index.php?rest_route=\/wp\/v2\/pages\/188\/revisions\/206"}],"wp:attachment":[{"href":"https:\/\/ioer.org\/index.php?rest_route=%2Fwp%2Fv2%2Fmedia&parent=188"}],"curies":[{"name":"wp","href":"https:\/\/api.w.org\/{rel}","templated":true}]}}

<p>Public Value<br />
Was soll der öffentlich-rechtliche Rundfunk für die Gesellschaft leisten?<br />
Ein Symposion des Initiativkreises Öffentlicher Rundfunk Köln</p>
<p>Reinhard Grätz: Begrüßung – <a href="https://ioer.org/wp-content/uploads/2017/07/01.-Begruessung-Reinhardt-Graetz.mp3">MP3</a> – <a href="https://ioer.org/wp-content/uploads/2017/07/2012-public-value-graetz-begruessung.pdf" target="_blank" rel="noopener">Text</a></p>
<p>Marc Jan Eumann: Grußwort – <a href="https://ioer.org/wp-content/uploads/2017/07/02.-Grusswort-Marc-Jan-Eumann.mp3">MP3</a> – <a href="https://ioer.org/wp-content/uploads/2017/07/2012-public-value-grusswort_eumann.pdf" target="_blank" rel="noopener">Text</a></p>
<p>Michael Ridder: Moderation – <a href="https://ioer.org/wp-content/uploads/2017/07/03.-Moderation-Michael-Ridder.mp3">MP3</a></p>
<p>Prof. Dr. Helge Rossen-Stadtfeld: Der Programmauftrag des öffentlich-rechtlichen Rundfunks in der dualen Rundfunkordnung. Eine verfassungsrechtliche Einordnung– <a href="https://ioer.org/wp-content/uploads/2017/07/04.-Der-Programmauftrag-des-oeffentlich-rechtlichen-Rundfunks-in-der-dualen-Rundfunkordnung-Prof.-Dr.-Helge-Rossen-Stadtfeld.mp3">MP3</a> – <a href="https://ioer.org/wp-content/uploads/2017/07/2012-public-value-rossen-stadtfeld.pdf" target="_blank" rel="noopener">Text</a></p>
<p>Prof. Dr. Hans-Jürgen Weiß: Die Erfüllung des öffentlich-rechtlichen Programmauftrags in der Langzeitbetrachtung. Eine medienwissenschaftliche Bestandsaufnahme – <a href="https://ioer.org/wp-content/uploads/2017/07/05.-Die-Erfuellung-des-oeffentlich-rechtlichen-Programmauftrags-in-der-Langzeitbetrachtung-Prof.-Dr.-Hans-Juergen-Weiss.mp3">MP3</a></p>
<p>Prof. Christoph Neuberger: Die Erfüllung des öffentlich-rechtlichen Programmauftrags in einer fragmentierten Medienwelt. Ein kommunikationswissenschaftlicher Ausblick – <a href="https://ioer.org/wp-content/uploads/2017/07/06.-Die-Erfuellung-des-oeffentlich-rechtlichen-Programmauftrags-in-einer-fragmentierten-Medienwelt-Prof.-Christoph-Neuberger.mp3">MP3</a></p>
<p>Vormittagsdiskussion – <a href="https://ioer.org/wp-content/uploads/2017/07/07.-Vormittagsdiskussion.mp3">MP3</a></p>
<p>Thomas Nell: Die Quote als Voraussetzung für die Erfüllung des oeffentlich-rechtlichen Programmauftrags? – <a href="https://ioer.org/wp-content/uploads/2017/07/2012-public-value-nell.pdf" target="_blank" rel="noopener">Text</a></p>
<p>Gert Monheim: Die Quote als Hindernis für die Erfüllung des öffentlich-rechtlichen Programmauftrags? – <a href="https://ioer.org/wp-content/uploads/2017/07/09.-Die-Quote-als-Hindernis-fuer-die-Erfuellung-des-oeffentlich-rechtlichen-Programmauftrags-Gert-Monheim.mp3">MP3</a> – <a href="https://ioer.org/wp-content/uploads/2017/07/2012-public-value-monheim.pdf" target="_blank" rel="noopener">Text</a></p>
<p>Ruth Hieronymi: Die Bestimmung von Qualität und Quote als Aufgabe der Rundfunkgremien? – <a href="https://ioer.org/wp-content/uploads/2017/07/10.-Die-Bestimmung-von-Qualitaet-und-Quote-als-Aufgabe-der-Rundfunkgremien-Ruth-Hieronymi.mp3>MP3</a> – <a href="https://ioer.org/wp-content/uploads/2017/07/2012-public-value-beitrag-hieronymi.pdf" target="_blank" rel="noopener">Text</a></p>
<p>Abschlussdiskussion – <a href="https://ioer.org/wp-content/uploads/2017/07/11.-Abschlussdiskussion.mp3">MP3</a></p>
<p>Dr. Manfred Kops: Schlusswort – <a href="https://ioer.org/wp-content/uploads/2017/07/12.-Schlusswort-Dr.-Manfred-Kops.mp3">MP3</a> – <a href="https://ioer.org/wp-content/uploads/2017/07/2012-public-value-schlusswor-kops.pdf" target="_blank" rel="noopener">Text</a></p>
<h3 align="left">Bilder</h3>
<table border="0" width="100%">
<tbody>
<tr>
<td valign="top"><a href="https://ioer.org/wp-content/uploads/2017/07/DSC01212.jpg" target="_blank" rel="noopener"><img decoding="async" src="https://ioer.org/wp-content/uploads/2017/07/DSC01212.jpg" width="100" align="left" border="0" hspace="10" /></a>Reinhard Grätz, langjähriger Vorsitzender des WDR-Rundfunkrats und Mitbegründer des Initiativkreises, begrüßt die Teilnehmer der Tagung</td>
<td valign="top"><a href="https://ioer.org/wp-content/uploads/2017/07/DSC01213.jpg" target="_blank" rel="noopener"><img decoding="async" src="https://ioer.org/wp-content/uploads/2017/07/DSC01213.jpg" width="100" align="left" border="0" hspace="10" /></a>Etwa 100 Teilnehmer verfolgten die Veranstaltung in der Universität zu Köln</td>
</tr>
<tr>
<td valign="top"><a href="https://ioer.org/wp-content/uploads/2017/07/DSC01222.jpg" target="_blank" rel="noopener"><img decoding="async" src="https://ioer.org/wp-content/uploads/2017/07/DSC01222.jpg" width="100" align="left" border="0" hspace="10" /></a>Marc Jan Eumann, der Medienstaatssekretär des Landes NRW, in seinem Grußwort</td>
<td valign="top"><a href="https://ioer.org/wp-content/uploads/2017/07/DSC01230.jpg" target="_blank" rel="noopener"><img decoding="async" src="https://ioer.org/wp-content/uploads/2017/07/DSC01230.jpg" width="100" align="left" border="0" hspace="10" /></a>Prof. Dr. Helge Rossen-Stadtfeld referierte zum Thema: „Der Programmauftrag des öffentlich-rechtlichen Rundfunks in der dualen Rundfunkordnung. Eine verfassungsrechtliche Einordnung“</td>
</tr>
<tr>
<td valign="top"><a href="https://ioer.org/wp-content/uploads/2017/07/DSC01233.jpg" target="_blank" rel="noopener"><img decoding="async" src="https://ioer.org/wp-content/uploads/2017/07/DSC01233.jpg" width="100" align="left" border="0" hspace="10" /></a>Prof. Dr. Hans-Jürgen Weiß von der FU Berlin</td>
<td valign="top"><a href="https://ioer.org/wp-content/uploads/2017/07/DSC01245.jpg" target="_blank" rel="noopener"><img decoding="async" src="https://ioer.org/wp-content/uploads/2017/07/DSC01245.jpg" width="100" align="left" border="0" hspace="10" /></a>Prof. Dr. Christoph Neuberger von der Universität München</td>
</tr>
<tr>
<td valign="top"><a href="https://ioer.org/wp-content/uploads/2017/07/DSC01253.jpg" target="_blank" rel="noopener"><img decoding="async" src="https://ioer.org/wp-content/uploads/2017/07/DSC01253.jpg" width="100" align="left" border="0" hspace="10" /></a>Michael Ridder (rechts) moderierte die Diskussion mit den Referenten des Vormittags: von links: Prof. Weiß, Prof. Neuberger und Prof. Rossen-Stadtfeld</td>
<td valign="top"><a href="https://ioer.org/wp-content/uploads/2017/07/DSC01261.jpg" target="_blank" rel="noopener"><img decoding="async" src="https://ioer.org/wp-content/uploads/2017/07/DSC01261.jpg" width="100" align="left" border="0" hspace="10" /></a>Thomas Nell, WDR, referierte zum Thema: „Die Quote als Voraussetzung für die Erfüllung des öffentlich-rechtlichen Programmauftrags?“</td>
</tr>
<tr>
<td valign="top"><a href="https://ioer.org/wp-content/uploads/2017/07/DSC01263.jpg" target="_blank" rel="noopener"><img decoding="async" src="https://ioer.org/wp-content/uploads/2017/07/DSC01263.jpg" width="100" align="left" border="0" hspace="10" /></a>Gert Monheim, langjähriger Redakteur des WDR, referierte zum Thema: „Die Quote als Hindernis für die Erfüllung des öffentlich-rechtlichen Programmauftrags?“</td>
<td valign="top"><a href="https://ioer.org/wp-content/uploads/2017/07/DSC01267.jpg" target="_blank" rel="noopener"><img decoding="async" src="https://ioer.org/wp-content/uploads/2017/07/DSC01267.jpg" width="100" align="left" border="0" hspace="10" /></a>Ruth Hieronymi, Vorsitzende des WDR-Rundfunkrats, referierte zum Thema: „Die Bestimmung von Qualität und Quote aus Aufgabe der Rundfunkgremien?“</td>
</tr>
<tr>
<td valign="top"><a href="https://ioer.org/wp-content/uploads/2017/07/DSC01280.jpg" target="_blank" rel="noopener"><img decoding="async" src="https://ioer.org/wp-content/uploads/2017/07/DSC01280.jpg" width="100" align="left" border="0" hspace="10" /></a>Teilnehmer der Abschlussdiskussion (von links): Prof. Dr. Hans-Jürgen Weiß, Gert Monheim, Thomas Nell, Michael Ridder, Ruth Hieronymi, Prof. Dr. Christoph Neuberger, Prof. Dr. Helge Rossen-Stadtfeld</td>
<td valign="top"><a href="https://ioer.org/wp-content/uploads/2017/07/DSC01308.jpg" target="_blank" rel="noopener"><img decoding="async" src="https://ioer.org/wp-content/uploads/2017/07/DSC01308.jpg" width="100" align="left" border="0" hspace="10" /></a>Dr. Manfred Kops, der Vorsitzende des Initiativkreises Öffentlicher Rundfunk Köln, in seinem Schlusswort</td>
</tr>
</tbody>
</table>

<p>Public Value Was soll der öffentlich-rechtliche Rundfunk für die Gesellschaft leisten? Ein Symposion des Initiativkreises Öffentlicher Rundfunk Köln Reinhard Grätz: Begrüßung – MP3 – Text Marc Jan Eumann: Grußwort – MP3 – Text Michael Ridder: Moderation – MP3 Prof. Dr. Helge Rossen-Stadtfeld: Der Programmauftrag des öffentlich-rechtlichen Rundfunks in der dualen Rundfunkordnung. Eine verfassungsrechtliche Einordnung– MP3 – Text Prof. Dr. Hans-Jürgen Weiß: Die Erfüllung des öffentlich-rechtlichen Programmauftrags in der Langzeitbetrachtung. Eine medienwissenschaftliche Bestandsaufnahme – MP3 Prof. Christoph Neuberger: Die Erfüllung des öffentlich-rechtlichen Programmauftrags in einer fragmentierten Medienwelt. Ein kommunikationswissenschaftlicher Ausblick – MP3 Vormittagsdiskussion – MP3 Thomas Nell: Die Quote als Voraussetzung für die Erfüllung des oeffentlich-rechtlichen Programmauftrags? – Text Gert Monheim: Die Quote als Hindernis für die Erfüllung<a class="more-link" href="https://ioer.org/?page_id=188">WEITER ☞</a></p>
