{"id":21,"date":"2017-06-29T18:41:07","date_gmt":"2017-06-29T16:41:07","guid":{"rendered":"http:\/\/ioer.org\/?page_id=21"},"modified":"2026-04-07T16:54:15","modified_gmt":"2026-04-07T14:54:15","slug":"mitglieder","status":"publish","type":"page","link":"https:\/\/ioer.org\/?page_id=21","title":{"rendered":"Mitglieder"},"content":{"rendered":"\n<p><a href=\"https:\/\/ioer.org\/?page_id=301\">Rainer Assion<\/a><br><a href=\"https:\/\/ioer.org\/?page_id=377\">Georg Berg<\/a><br><a href=\"https:\/\/ioer.org\/?page_id=829\">J\u00fcrgen Betz<\/a><br><a href=\"https:\/\/ioer.org\/?page_id=287\">Erika Bock-Rosenthal<\/a> (Vorsitzende)<br><a href=\"https:\/\/ioer.org\/?page_id=305\">Anke Bohnsack<\/a><br><a href=\"https:\/\/ioer.org\/?page_id=303\">Jochen B\u00f6rger<\/a><br><a href=\"https:\/\/ioer.org\/?page_id=922\">J\u00fcrgen Bremer<\/a><br><a href=\"https:\/\/ioer.org\/?page_id=461\">Hans J\u00fcrgen B\u00fcssow<\/a><br><a href=\"https:\/\/ioer.org\/?page_id=918\">Volker W. Degener<\/a><br><a href=\"https:\/\/ioer.org\/?page_id=996\">Sylvia Dietl<\/a><br><a href=\"https:\/\/ioer.org\/?page_id=411\">Josef Eckhardt &#x271d;\ufe0e<\/a><br><a href=\"https:\/\/ioer.org\/?page_id=464\">Ortlieb Fliedner<\/a><br><a href=\"https:\/\/ioer.org\/?page_id=501\">Roland Freyberger <\/a><a href=\"https:\/\/ioer.org\/?page_id=473\">&#x271d;\ufe0e<\/a><br><a href=\"https:\/\/ioer.org\/?page_id=572\">Bernd Gei\u00df<\/a><br><a href=\"https:\/\/ioer.org\/?page_id=568\">Ira Goyne<\/a> (stellvertretende Vorsitzende)<br><a href=\"https:\/\/ioer.org\/?page_id=393\">Reinhard Gr\u00e4tz<\/a><br><a href=\"https:\/\/ioer.org\/?page_id=470\">Sabine Hadamik<\/a><br><a href=\"https:\/\/ioer.org\/?page_id=659\">Klaus Herrmann<\/a><br><a href=\"https:\/\/ioer.org\/?page_id=550\">Heinz-Willy Hermanns<\/a><a href=\"https:\/\/ioer.org\/?page_id=501\"> <\/a><a href=\"https:\/\/ioer.org\/?page_id=473\">&#x271d;\ufe0e<\/a><br><a href=\"https:\/\/ioer.org\/?page_id=1133\" data-type=\"page\" data-id=\"1133\">Wilhelm Johannes H\u00f6lzer<\/a><br><a href=\"https:\/\/ioer.org\/?page_id=531\">Karl Indlekofer<\/a><br><a href=\"https:\/\/ioer.org\/?page_id=546\">Karin Junker<\/a><br><a href=\"https:\/\/ioer.org\/?page_id=537\">Manfred Kops<\/a><br><a href=\"https:\/\/ioer.org\/?page_id=871\">Michael Kroemer<\/a><br><a href=\"https:\/\/ioer.org\/?page_id=473\">Adalbert Leidinger &#x271d;\ufe0e<\/a><br><a href=\"https:\/\/ioer.org\/?page_id=407\">Wolfgang Lieb<\/a><br><a href=\"https:\/\/ioer.org\/?page_id=494\">Gisela Losseff-Tillmanns<\/a><br><a href=\"https:\/\/ioer.org\/?page_id=381\">Manfred Meurer<\/a><br><a href=\"https:\/\/ioer.org\/?page_id=907\">Osman Okkan<\/a><br><a href=\"https:\/\/ioer.org\/?page_id=524\">Antje Karin Pieper<\/a><a href=\"https:\/\/ioer.org\/?page_id=411\">&#x271d;\ufe0e<\/a><br><a href=\"https:\/\/ioer.org\/?page_id=476\">J\u00fcrgen Rosorius<\/a><a href=\"https:\/\/ioer.org\/?page_id=411\">&#x271d;\ufe0e<\/a><br><a href=\"https:\/\/ioer.org\/?page_id=480\">Horst Schr\u00f6der <\/a><a href=\"https:\/\/ioer.org\/?page_id=473\">&#x271d;\ufe0e<\/a><br><a href=\"https:\/\/ioer.org\/?page_id=430\">Ulrich Spies<\/a><br><a href=\"https:\/\/ioer.org\/?page_id=504\">Dieter Stammler<\/a><br><a href=\"https:\/\/ioer.org\/?page_id=402\">Martin Stock <\/a><a href=\"https:\/\/ioer.org\/?page_id=473\">&#x271d;\ufe0e<\/a><br><a href=\"https:\/\/ioer.org\/?page_id=518\">J\u00fcrgen Thebrath<\/a><a href=\"https:\/\/ioer.org\/?page_id=411\">&#x271d;\ufe0e<\/a><br><a href=\"https:\/\/ioer.org\/?page_id=484\">Karl-Heinz Vogt<\/a><br><a href=\"https:\/\/ioer.org\/?page_id=1124\" data-type=\"page\" data-id=\"1124\">Wendelin Werner<\/a><br><a href=\"https:\/\/ioer.org\/?page_id=360\">Peter Wolf<\/a><a href=\"https:\/\/ioer.org\/?page_id=411\">&#x271d;\ufe0e<\/a><br><a href=\"https:\/\/ioer.org\/?page_id=857\">Gerhard Zienczyk<\/a><\/p>\n","protected":false},"excerpt":{"rendered":"<p>Rainer AssionGeorg BergJ\u00fcrgen BetzErika Bock-Rosenthal (Vorsitzende)Anke BohnsackJochen B\u00f6rgerJ\u00fcrgen BremerHans J\u00fcrgen B\u00fcssowVolker W. DegenerSylvia DietlJosef Eckhardt &#x271d;\ufe0eOrtlieb FliednerRoland Freyberger &#x271d;\ufe0eBernd Gei\u00dfIra Goyne (stellvertretende Vorsitzende)Reinhard Gr\u00e4tzSabine HadamikKlaus HerrmannHeinz-Willy Hermanns &#x271d;\ufe0eWilhelm Johannes H\u00f6lzerKarl IndlekoferKarin JunkerManfred KopsMichael KroemerAdalbert Leidinger &#x271d;\ufe0eWolfgang LiebGisela Losseff-TillmannsManfred MeurerOsman OkkanAntje Karin Pieper&#x271d;\ufe0eJ\u00fcrgen Rosorius&#x271d;\ufe0eHorst Schr\u00f6der &#x271d;\ufe0eUlrich SpiesDieter StammlerMartin Stock &#x271d;\ufe0eJ\u00fcrgen Thebrath&#x271d;\ufe0eKarl-Heinz VogtWendelin WernerPeter Wolf&#x271d;\ufe0eGerhard Zienczyk<a class=\"more-link\" href=\"https:\/\/ioer.org\/?page_id=21\">WEITER \u261e<\/a><\/p>\n","protected":false},"author":1,"featured_media":0,"parent":0,"menu_order":0,"comment_status":"closed","ping_status":"closed","template":"","meta":{"footnotes":""},"class_list":["entry","author-horcrux","post-21","page","type-page","status-publish"],"_links":{"self":[{"href":"https:\/\/ioer.org\/index.php?rest_route=\/wp\/v2\/pages\/21","targetHints":{"allow":["GET"]}}],"collection":[{"href":"https:\/\/ioer.org\/index.php?rest_route=\/wp\/v2\/pages"}],"about":[{"href":"https:\/\/ioer.org\/index.php?rest_route=\/wp\/v2\/types\/page"}],"author":[{"embeddable":true,"href":"https:\/\/ioer.org\/index.php?rest_route=\/wp\/v2\/users\/1"}],"replies":[{"embeddable":true,"href":"https:\/\/ioer.org\/index.php?rest_route=%2Fwp%2Fv2%2Fcomments&post=21"}],"version-history":[{"count":91,"href":"https:\/\/ioer.org\/index.php?rest_route=\/wp\/v2\/pages\/21\/revisions"}],"predecessor-version":[{"id":1138,"href":"https:\/\/ioer.org\/index.php?rest_route=\/wp\/v2\/pages\/21\/revisions\/1138"}],"wp:attachment":[{"href":"https:\/\/ioer.org\/index.php?rest_route=%2Fwp%2Fv2%2Fmedia&parent=21"}],"curies":[{"name":"wp","href":"https:\/\/api.w.org\/{rel}","templated":true}]}}