{"id":22,"date":"2017-06-29T18:41:08","date_gmt":"2017-06-29T16:41:08","guid":{"rendered":"http:\/\/ioer.org\/?page_id=22"},"modified":"2017-07-03T18:31:08","modified_gmt":"2017-07-03T16:31:08","slug":"stellungnahmen","status":"publish","type":"page","link":"https:\/\/ioer.org\/?page_id=22","title":{"rendered":"Stellungnahmen"},"content":{"rendered":"<p><strong>Mehr Chancen f\u00fcr \u00f6ffentlich-rechtliche Telemedien<\/strong><br \/>\nStellungnahme zum Referentenentwurf f\u00fcr eine Neufassung des Telemedienauftrags im Rundfunkstaatsvertrag.<br \/>\n<strong><a href=\"https:\/\/ioer.org\/wp-content\/uploads\/2017\/06\/2017-07-02-Stellungnahme-kurz.pdf\">Kurzfassung<\/a><\/strong> \u2013 <a href=\"https:\/\/ioer.org\/wp-content\/uploads\/2017\/06\/2017-07-02-Stellungnahme-lang.pdf\"><strong>Langfassung<\/strong><\/a><br \/>\n(Juli 2017)<\/p>\n<p><a href=\"https:\/\/ioer.org\/wp-content\/uploads\/2017\/06\/2015-1101-I\u00d6R-Stellungnahme-zum-Regierungsentwurf-WDR-Gesetz.pdf\"><strong>Stellungnahme zum Regierungsentwurf f\u00fcr ein neues WDR-Gesetz<\/strong><\/a><br \/>\n(November 2015)<\/p>\n<p>BIK\u00f6R und I\u00d6R:<br \/>\n<a href=\"https:\/\/ioer.org\/wp-content\/uploads\/2017\/06\/2015-04-stellungnahme-TTIP-EuParl-2.pdf\"><strong>Brief an die Abgeordneten des Europ\u00e4ischen Parlaments zu den TTIP-Verhandlungen<\/strong><\/a><br \/>\n(April 2015)<\/p>\n<p><strong><a href=\"https:\/\/ioer.org\/wp-content\/uploads\/2017\/06\/2014-stellungahme-werbeverzicht.pdf\">I\u00d6R fordert Debatte \u00fcber den Werbeverzicht der \u00f6ffentlich-rechtlichen Rundfunkanstalten<\/a><\/strong><br \/>\n(M\u00e4rz 2014)<\/p>\n<p>Ausnahmeregelungen f\u00fcr den Kultursektor!<br \/>\n<strong><a href=\"https:\/\/ioer.org\/wp-content\/uploads\/2017\/07\/2013-erkl\u00e4rung-zu-freihandelsabkommen.pdf\">Erkl\u00e4rung zu den Verhandlungen \u00fcber ein Freihandelsabkommen mit den USA<\/a><\/strong><br \/>\n(April 2013)<\/p>\n<p>Erika Bock-Rosenthal:<br \/>\n<a href=\"https:\/\/ioer.org\/wp-content\/uploads\/2017\/06\/2013-04-zum-nrw-landesmediengesetz-ebr.pdf\"><strong>Erkl\u00e4rung anl\u00e4sslich der Online-Konsultation zum Landesmediengesetz NRW<\/strong><\/a><br \/>\n(April 2013)<\/p>\n<p><a href=\"https:\/\/ioer.org\/wp-content\/uploads\/2017\/07\/2008-i\u00f6r-stellungnahme-dreistufentest.pdf\"><strong>Stellungnahme des I\u00d6R zum\u00a012. Rundfunk\u00e4nderungsstaatsvertrag<\/strong><\/a><br \/>\n(Dezember 2008)<\/p>\n<p align=\"left\"><a href=\"https:\/\/ioer.org\/wp-content\/uploads\/2017\/07\/2007-stellungnahme-auslandsrundfunk.pdf\"><b>Stellungnahme zur Finanzausstattung des Deutschen Auslandsrundfunks<\/b><\/a><br \/>\n(August 2007)<\/p>\n<p align=\"left\"><a href=\"https:\/\/ioer.org\/wp-content\/uploads\/2017\/07\/2006-i\u00f6r-resolution_europ_fernsehrichtlinie.pdf\"><b>Revision der Europ\u00e4ischen Fernsehrichtlinie:<br \/>\nKeine Aufweichung der klaren Trennung zwischen redaktionellen Inhalten und Werbung!<\/b><\/a><br \/>\n(Juni 2006)<\/p>\n<p align=\"left\"><a href=\"https:\/\/ioer.org\/wp-content\/uploads\/2017\/07\/2006-Fernsehrichtlinie-EURALVA.pdf\">Die Rechte der Europ\u00e4ischen Fernsehzuschauer m\u00fcssen bewahrt werden!<\/a><br \/>\n<a href=\"https:\/\/ioer.org\/wp-content\/uploads\/2017\/07\/2006-Fernsehrichtlinie-EURALVA.pdf\"><b>EURALVA\u2019s Antwort zum Vorschlag der Europ\u00e4ischen Kommission, die Europ\u00e4ische Fernsehrichtlinie zu novellieren<\/b><\/a><br \/>\n(Februar 2006)<\/p>\n<p align=\"left\"><a href=\"https:\/\/ioer.org\/wp-content\/uploads\/2017\/07\/2005-i\u00f6r-resolution-UNESCO.pdf\">Wo bleiben die Medienfunktionen in der UNESCO-Kulturkonvention?<\/a><br \/>\n<a href=\"https:\/\/ioer.org\/wp-content\/uploads\/2017\/07\/2005-i\u00f6r-resolution-UNESCO.pdf\"> <b>Den Public-Service-Rundfunk st\u00e4rker herausstellen!<\/b><\/a>\u00a0(<a href=\"https:\/\/ioer.org\/wp-content\/uploads\/2017\/07\/2005-i\u00f6r-UNESCO-Statement-e.pdf\">English<\/a>)<br \/>\n(April 2005)<\/p>\n<p align=\"left\">Resolution zum Amsterdamer Protokoll (1997) und zur Amsterdamer Konferenz (2004):<strong><br \/>\n<a href=\"https:\/\/ioer.org\/wp-content\/uploads\/2017\/07\/2004-i\u00f6r-resolution-amsterdamer-protokoll.pdf\">Public Service-Rundfunk in Europa voranbringen! Die Entwicklungsgarantie ernstnehmen und einl\u00f6sen!<\/a><\/strong>\u00a0(<a href=\"https:\/\/ioer.org\/wp-content\/uploads\/2017\/07\/2004-i\u00f6r-resolution-amsterdam-protocol.pdf\">English<\/a>)<br \/>\n(November 2004)<\/p>\n<p align=\"left\">Zweite Resolution zur Europ\u00e4ischen Grundrechtecharta:<a href=\"#zweitres\"><strong><br \/>\n<\/strong><\/a><a href=\"https:\/\/ioer.org\/wp-content\/uploads\/2017\/07\/2002-europ_oeff.pdf\"><strong>Europ\u00e4ische \u00d6ffentlichkeit durch EU-Medienfreiheit!<\/strong><\/a><br \/>\n(September 2002)<\/p>\n<p align=\"left\">Stellungnahme zu dem Regierungsentwurf eines Landesmediengesetzes Nordrhein-Westfalen (Landtags-Drucksache 13\/2368):<strong><br \/>\n<a href=\"https:\/\/ioer.org\/wp-content\/uploads\/2017\/07\/2002-landesmediengesetz.pdf\">\u201eAnpassung an ver\u00e4nderte Rahmenbedingungen?\u201c &#8211; zu Lasten des \u00f6ffentlich-rechtlichen Rundfunks<\/a><\/strong><br \/>\n(Mai 2002)<\/p>\n<p>Resolution zum Entwurf einer EU-Charta des EU-Grundrechtekonvents:<strong><a href=\"#ersteres\"><br \/>\n<\/a><a href=\"https:\/\/ioer.org\/wp-content\/uploads\/2017\/07\/2002-resolution-eu-charta.pdf\">Medienfreiheit in der EU nur &#8222;geachtet&#8220; (Art. 11 Grundrechtecharta) &#8211; Ein Pl\u00e4doyer f\u00fcr Nachbesserungen im Verfassungskonvent<\/a><br \/>\n<\/strong>(Februar 2002)<\/p>\n<p>Stellungnahme zur Verankerung der Rundfunkfreiheit in einem Grundrechtekatalog der Europ\u00e4ischen Union (Europ\u00e4ische Grundrechtecharta):<a href=\"#eugrundrecht\"><strong><br \/>\n<\/strong><\/a><a href=\"https:\/\/ioer.org\/wp-content\/uploads\/2017\/07\/2000-eu-charta-textvorschlag.pdf\"><strong>Textvorschlag f\u00fcr EU-Grundrechtecharta<\/strong><\/a><br \/>\n(Juni 2000)<\/p>\n<p align=\"left\">Stellungnahme zur k\u00fcnftigen Finanzierung der Deutschen Welle:<a href=\"#dwfinanz\"><strong><br \/>\n<\/strong><\/a><a href=\"https:\/\/ioer.org\/wp-content\/uploads\/2017\/07\/2000-01-finanzierung-dw.pdf\"><strong>Das Deutsche Auslandsfernsehen &#8211; unverzichtbare Bestandteile der Information, des Kulturexports und der Friedenspolitik als genuiner Teil deutscher Au\u00dfenpolitik<\/strong><\/a><br \/>\n(Sommer 2000)<\/p>\n<p align=\"left\">Stellungnahme zum \u201eGr\u00fcnbuch zur Konvergenz der Branchen Telekommunikation, Medien und Informationstechnologie und ihre ordnungspolitischen Auswirkungen\u201c:<br \/>\n<strong><a href=\"https:\/\/ioer.org\/wp-content\/uploads\/2017\/07\/1997-gruenbuch.pdf\">Ein Schritt in Richtung Informationsgesellschaft<\/a><br \/>\n<\/strong>(April 1998)<\/p>\n<p>Schreiben an die Ministerpr\u00e4sidentin und die Ministerpr\u00e4sidenten der L\u00e4nder anl\u00e4\u00dflich der Ministerpr\u00e4sidentenkonferenz am 2.\u00a0&#8211;\u00a04. Dezember 1998:<br \/>\n<strong><a href=\"https:\/\/ioer.org\/wp-content\/uploads\/2017\/07\/1998-finausgleich.pdf\">Zur Novellierung des 4. Rundfunkstaatsvertrags<\/a><br \/>\n<\/strong>(November 1998)<\/p>\n<p>Schreiben an den Vorsitzenden der ARD, Herrn Prof. Albert Scharf:<br \/>\n<a href=\"https:\/\/ioer.org\/wp-content\/uploads\/2017\/07\/1996-scharf-finanzausgleich.pdf\"><strong>Einheit der ARD erfordert Erhalt des Finanzausgleichs<\/strong><\/a><br \/>\n(April 1996)<\/p>\n<p>Stellungnahme zur Bedeutung des \u00f6ffentlich-rechtlichen Rundfunks in der Gesellschaft:<a href=\"#buergeroffruf\"><strong><br \/>\n<\/strong><\/a><a href=\"https:\/\/ioer.org\/wp-content\/uploads\/2017\/07\/1996-buerger-fuer-oereru.pdf\"><strong>B\u00fcrger f\u00fcr den \u00f6ffentlichen Rundfunk<\/strong><\/a><br \/>\n(Dezember 1996)<\/p>\n<p align=\"left\">Schreiben an den Vorsitzenden der Rundfunkkommission der Bundesl\u00e4nder, Herrn Ministerpr\u00e4sidenten Kurt Beck<br \/>\n<a href=\"https:\/\/ioer.org\/wp-content\/uploads\/2017\/07\/1995-brief-an-beck.pdf\"><strong>Resolution zur weiten Auslegung des Rundfunkbegriffs<\/strong><\/a><br \/>\n(September 1995)<\/p>\n","protected":false},"excerpt":{"rendered":"<p>Mehr Chancen f\u00fcr \u00f6ffentlich-rechtliche Telemedien Stellungnahme zum Referentenentwurf f\u00fcr eine Neufassung des Telemedienauftrags im Rundfunkstaatsvertrag. Kurzfassung \u2013 Langfassung (Juli 2017) Stellungnahme zum Regierungsentwurf f\u00fcr ein neues WDR-Gesetz (November 2015) BIK\u00f6R und I\u00d6R: Brief an die Abgeordneten des Europ\u00e4ischen Parlaments zu den TTIP-Verhandlungen (April 2015) I\u00d6R fordert Debatte \u00fcber den Werbeverzicht der \u00f6ffentlich-rechtlichen Rundfunkanstalten (M\u00e4rz 2014) Ausnahmeregelungen f\u00fcr den Kultursektor! Erkl\u00e4rung zu den Verhandlungen \u00fcber ein Freihandelsabkommen mit den USA (April 2013) Erika Bock-Rosenthal: Erkl\u00e4rung anl\u00e4sslich der Online-Konsultation zum Landesmediengesetz NRW (April 2013) Stellungnahme des I\u00d6R zum\u00a012. Rundfunk\u00e4nderungsstaatsvertrag (Dezember 2008) Stellungnahme zur Finanzausstattung des Deutschen Auslandsrundfunks (August 2007) Revision der Europ\u00e4ischen Fernsehrichtlinie: Keine Aufweichung der klaren<a class=\"more-link\" href=\"https:\/\/ioer.org\/?page_id=22\">WEITER \u261e<\/a><\/p>\n","protected":false},"author":1,"featured_media":0,"parent":0,"menu_order":0,"comment_status":"closed","ping_status":"closed","template":"","meta":{"footnotes":""},"class_list":["entry","author-horcrux","post-22","page","type-page","status-publish"],"_links":{"self":[{"href":"https:\/\/ioer.org\/index.php?rest_route=\/wp\/v2\/pages\/22","targetHints":{"allow":["GET"]}}],"collection":[{"href":"https:\/\/ioer.org\/index.php?rest_route=\/wp\/v2\/pages"}],"about":[{"href":"https:\/\/ioer.org\/index.php?rest_route=\/wp\/v2\/types\/page"}],"author":[{"embeddable":true,"href":"https:\/\/ioer.org\/index.php?rest_route=\/wp\/v2\/users\/1"}],"replies":[{"embeddable":true,"href":"https:\/\/ioer.org\/index.php?rest_route=%2Fwp%2Fv2%2Fcomments&post=22"}],"version-history":[{"count":12,"href":"https:\/\/ioer.org\/index.php?rest_route=\/wp\/v2\/pages\/22\/revisions"}],"predecessor-version":[{"id":284,"href":"https:\/\/ioer.org\/index.php?rest_route=\/wp\/v2\/pages\/22\/revisions\/284"}],"wp:attachment":[{"href":"https:\/\/ioer.org\/index.php?rest_route=%2Fwp%2Fv2%2Fmedia&parent=22"}],"curies":[{"name":"wp","href":"https:\/\/api.w.org\/{rel}","templated":true}]}}