{"id":234,"date":"2017-07-01T22:59:41","date_gmt":"2017-07-01T20:59:41","guid":{"rendered":"http:\/\/ioer.org\/?page_id=234"},"modified":"2017-07-01T22:59:41","modified_gmt":"2017-07-01T20:59:41","slug":"tagung-buergerrundfunk-2003","status":"publish","type":"page","link":"https:\/\/ioer.org\/?page_id=234","title":{"rendered":"Tagung B\u00fcrgerrundfunk 2003"},"content":{"rendered":"<p><a href=\"https:\/\/ioer.org\/wp-content\/uploads\/2017\/07\/2003-kops-begruessung.pdf\">Begr\u00fc\u00dfung Dr. Manfred Kops<\/a>, Vorsitzender I\u00d6R<\/p>\n<p><a href=\"https:\/\/ioer.org\/wp-content\/uploads\/2017\/07\/2003-grusswort-schneider.pdf\">Gru\u00dfwort Nikolaus Schneider<\/a>, Pr\u00e4ses der Evangelischen Kirche im Rheinland<\/p>\n<p><a href=\"https:\/\/ioer.org\/wp-content\/uploads\/2017\/07\/2003-tagung-grusswort-graetz.pdf\">Gru\u00dfwort Reinhard Gr\u00e4tz<\/a>, Vorsitzender des WDR-Rundfunkrats<\/p>\n<p><a href=\"https:\/\/ioer.org\/wp-content\/uploads\/2017\/07\/2003-grusswort-pleitgen.pdf\">Gru\u00dfwort Fritz Pleitgen, Intendant des WDR<\/a><\/p>\n<p><a href=\"https:\/\/ioer.org\/wp-content\/uploads\/2017\/07\/2003-stock-dienende-freiheit.pdf\">Prof. Dr. Martin Stock<\/a>:<br \/>\nDie Verantwortung des \u00f6ffentlich-rechtlichen Rundfunks f\u00fcr die Gesellschaft<br \/>\nund die Verantwortung der Gesellschaft f\u00fcr den \u00f6ffentlich-rechtlichen Rundfunk<\/p>\n<p><a href=\"https:\/\/ioer.org\/wp-content\/uploads\/2017\/07\/2003-tagung-hoemberg.pdf\">Prof. Dr. Walter H\u00f6mberg<\/a>:<br \/>\nGesellschaftlich relevante Gruppen als staatsferne Vertreter der Gesellschaft &#8211;<br \/>\nChancen und Probleme der Umsetzung eines gesetzlichen Auftrags<\/p>\n<p><a href=\"https:\/\/ioer.org\/wp-content\/uploads\/2017\/07\/2003-hoemberg-thesen.pdf\">Kurzfassung<\/a> des Vortrags von Herrn H\u00f6mberg in Thesen<\/p>\n<p>Kurzreferate von Mitgliedern der Rundfunkgremien des WDR:<br \/>\n<a href=\"https:\/\/ioer.org\/wp-content\/uploads\/2017\/07\/2003-vogt.pdf\">Dr. Karl-Heinz Vogt<\/a><br \/>\n<a href=\"https:\/\/ioer.org\/wp-content\/uploads\/2017\/07\/2003-kroemer.pdf\">Michael Kroemer<\/a><br \/>\n<a href=\"https:\/\/ioer.org\/wp-content\/uploads\/2017\/07\/2003-tagung-eumann.pdf\">Marc Jan Eumann<\/a><\/p>\n<p><a href=\"https:\/\/ioer.org\/wp-content\/uploads\/2017\/07\/2003-symposion-schlussdiskussion.pdf\">Podiumsdiskussion<\/a> unter Einbezug des Auditoriums<br \/>\nLeitung: Uwe Kammann, epd medien<\/p>\n","protected":false},"excerpt":{"rendered":"<p>Begr\u00fc\u00dfung Dr. Manfred Kops, Vorsitzender I\u00d6R Gru\u00dfwort Nikolaus Schneider, Pr\u00e4ses der Evangelischen Kirche im Rheinland Gru\u00dfwort Reinhard Gr\u00e4tz, Vorsitzender des WDR-Rundfunkrats Gru\u00dfwort Fritz Pleitgen, Intendant des WDR Prof. Dr. Martin Stock: Die Verantwortung des \u00f6ffentlich-rechtlichen Rundfunks f\u00fcr die Gesellschaft und die Verantwortung der Gesellschaft f\u00fcr den \u00f6ffentlich-rechtlichen Rundfunk Prof. Dr. Walter H\u00f6mberg: Gesellschaftlich relevante Gruppen als staatsferne Vertreter der Gesellschaft &#8211; Chancen und Probleme der Umsetzung eines gesetzlichen Auftrags Kurzfassung des Vortrags von Herrn H\u00f6mberg in Thesen Kurzreferate von Mitgliedern der Rundfunkgremien des WDR: Dr. Karl-Heinz Vogt Michael Kroemer Marc Jan Eumann Podiumsdiskussion unter Einbezug des Auditoriums Leitung: Uwe Kammann, epd medien<a class=\"more-link\" href=\"https:\/\/ioer.org\/?page_id=234\">WEITER \u261e<\/a><\/p>\n","protected":false},"author":1,"featured_media":0,"parent":0,"menu_order":0,"comment_status":"closed","ping_status":"closed","template":"","meta":{"footnotes":""},"class_list":["entry","author-horcrux","post-234","page","type-page","status-publish"],"_links":{"self":[{"href":"https:\/\/ioer.org\/index.php?rest_route=\/wp\/v2\/pages\/234","targetHints":{"allow":["GET"]}}],"collection":[{"href":"https:\/\/ioer.org\/index.php?rest_route=\/wp\/v2\/pages"}],"about":[{"href":"https:\/\/ioer.org\/index.php?rest_route=\/wp\/v2\/types\/page"}],"author":[{"embeddable":true,"href":"https:\/\/ioer.org\/index.php?rest_route=\/wp\/v2\/users\/1"}],"replies":[{"embeddable":true,"href":"https:\/\/ioer.org\/index.php?rest_route=%2Fwp%2Fv2%2Fcomments&post=234"}],"version-history":[{"count":1,"href":"https:\/\/ioer.org\/index.php?rest_route=\/wp\/v2\/pages\/234\/revisions"}],"predecessor-version":[{"id":235,"href":"https:\/\/ioer.org\/index.php?rest_route=\/wp\/v2\/pages\/234\/revisions\/235"}],"wp:attachment":[{"href":"https:\/\/ioer.org\/index.php?rest_route=%2Fwp%2Fv2%2Fmedia&parent=234"}],"curies":[{"name":"wp","href":"https:\/\/api.w.org\/{rel}","templated":true}]}}

Tagung Bürgerrundfunk 2003

<p><a href="https://ioer.org/wp-content/uploads/2017/07/2003-kops-begruessung.pdf">Begrüßung Dr. Manfred Kops</a>, Vorsitzender IÖR</p>
<p><a href="https://ioer.org/wp-content/uploads/2017/07/2003-grusswort-schneider.pdf">Grußwort Nikolaus Schneider</a>, Präses der Evangelischen Kirche im Rheinland</p>
<p><a href="https://ioer.org/wp-content/uploads/2017/07/2003-tagung-grusswort-graetz.pdf">Grußwort Reinhard Grätz</a>, Vorsitzender des WDR-Rundfunkrats</p>
<p><a href="https://ioer.org/wp-content/uploads/2017/07/2003-grusswort-pleitgen.pdf">Grußwort Fritz Pleitgen, Intendant des WDR</a></p>
<p><a href="https://ioer.org/wp-content/uploads/2017/07/2003-stock-dienende-freiheit.pdf">Prof. Dr. Martin Stock</a>:<br />
Die Verantwortung des öffentlich-rechtlichen Rundfunks für die Gesellschaft<br />
und die Verantwortung der Gesellschaft für den öffentlich-rechtlichen Rundfunk</p>
<p><a href="https://ioer.org/wp-content/uploads/2017/07/2003-tagung-hoemberg.pdf">Prof. Dr. Walter Hömberg</a>:<br />
Gesellschaftlich relevante Gruppen als staatsferne Vertreter der Gesellschaft &#8211;<br />
Chancen und Probleme der Umsetzung eines gesetzlichen Auftrags</p>
<p><a href="https://ioer.org/wp-content/uploads/2017/07/2003-hoemberg-thesen.pdf">Kurzfassung</a> des Vortrags von Herrn Hömberg in Thesen</p>
<p>Kurzreferate von Mitgliedern der Rundfunkgremien des WDR:<br />
<a href="https://ioer.org/wp-content/uploads/2017/07/2003-vogt.pdf">Dr. Karl-Heinz Vogt</a><br />
<a href="https://ioer.org/wp-content/uploads/2017/07/2003-kroemer.pdf">Michael Kroemer</a><br />
<a href="https://ioer.org/wp-content/uploads/2017/07/2003-tagung-eumann.pdf">Marc Jan Eumann</a></p>
<p><a href="https://ioer.org/wp-content/uploads/2017/07/2003-symposion-schlussdiskussion.pdf">Podiumsdiskussion</a> unter Einbezug des Auditoriums<br />
Leitung: Uwe Kammann, epd medien</p>

<p>Begrüßung Dr. Manfred Kops, Vorsitzender IÖR Grußwort Nikolaus Schneider, Präses der Evangelischen Kirche im Rheinland Grußwort Reinhard Grätz, Vorsitzender des WDR-Rundfunkrats Grußwort Fritz Pleitgen, Intendant des WDR Prof. Dr. Martin Stock: Die Verantwortung des öffentlich-rechtlichen Rundfunks für die Gesellschaft und die Verantwortung der Gesellschaft für den öffentlich-rechtlichen Rundfunk Prof. Dr. Walter Hömberg: Gesellschaftlich relevante Gruppen als staatsferne Vertreter der Gesellschaft &#8211; Chancen und Probleme der Umsetzung eines gesetzlichen Auftrags Kurzfassung des Vortrags von Herrn Hömberg in Thesen Kurzreferate von Mitgliedern der Rundfunkgremien des WDR: Dr. Karl-Heinz Vogt Michael Kroemer Marc Jan Eumann Podiumsdiskussion unter Einbezug des Auditoriums Leitung: Uwe Kammann, epd medien<a class="more-link" href="https://ioer.org/?page_id=234">WEITER ☞</a></p>
