{"id":24,"date":"2017-06-29T18:41:08","date_gmt":"2017-06-29T16:41:08","guid":{"rendered":"http:\/\/ioer.org\/?page_id=24"},"modified":"2019-10-15T18:12:34","modified_gmt":"2019-10-15T16:12:34","slug":"veranstaltungen","status":"publish","type":"page","link":"https:\/\/ioer.org\/?page_id=24","title":{"rendered":"Veranstaltungen"},"content":{"rendered":"<h2>Neue Herausforderungen f\u00fcr den \u00f6ffentlich-rechtlichen Rundfunk im Internet<\/h2>\n<p>So lautet der Titel eines medienpolitischen Symposiums, zu dem der Initiativkreis \u00f6ffentlich-rechtlicher Rundfunk (I\u00d6R) am 26. November 2019 nach K\u00f6ln einl\u00e4dt.<\/p>\n<p><a href=\"https:\/\/ioer.org\/wp-content\/uploads\/2019\/10\/IO\u0308R_Symposium_261119.pdf\"><img loading=\"lazy\" decoding=\"async\" class=\"alignleft size-medium wp-image-692\" src=\"https:\/\/ioer.org\/wp-content\/uploads\/2019\/10\/deckblattFlyer-176x300.gif\" alt=\"\" width=\"176\" height=\"300\" \/><\/a>Negative Entwicklungen im Internet stehen derzeit im Fokus \u00f6ffentlicher Diskussion: Algorithmen, die uns und m\u00f6glicherweise demokratische Wahlen manipulieren, Fake News, die sich schneller verbreiten als die wahren Tatsachen oder die Verrohung der Sprache durch Hasskommentare und Beleidigungen von Politkern und Prominenten.<\/p>\n<p>Aber sind diese Erscheinungen m\u00f6glicherweise nur Symptome einer Entwicklung, die wesentlich tiefere Ursachen hat?<\/p>\n<p>Der I\u00d6R hat angesehene und kompetente Pers\u00f6nlichkeiten gebeten, dieser Frage nachzugehen und insbesondere folgende Aspekte n\u00e4her zu beleuchten:<\/p>\n<p>Haben die negativen Entwicklungen im Internet strukturelle Ursachen?<\/p>\n<p>Sind die Systeme der gro\u00dfen Internetkonzerne \u00fcberhaupt noch beherrschbar? (Das Video des Christchurch-Attent\u00e4ters z.B. verbreitete sich so schnell, dass es nicht mehr vollst\u00e4ndig gel\u00f6scht werden konnte.)<\/p>\n<p>Was bedeutet es f\u00fcr eine demokratische Gesellschaft, wenn \u00f6konomische Interessen der gro\u00dfen Internetkonzerne bestimmenden Einfluss darauf nehmen k\u00f6nnen, welche Informationen der Einzelne bekommt und welche Themen in der Gesellschaft diskutiert werden?<\/p>\n<p>Wie kann der gemeinwohlorientierte \u00f6ffentlich-rechtliche Rundfunk der Gefahr einer \u00d6konomisierung der gesellschaftlichen Kommunikation entgegenwirken und seinem vom Grundgesetz aufgegebenen Auftrag gerecht werden, die Vielfalt der Meinungen in der Demokratie angemessen und wahrhaft auch im Internet zur Geltung zu bringen, damit die Voraussetzungen demokratischer Willensbildung erhalten bleiben?<\/p>\n<p>Impulsvortr\u00e4ge hierzu halten Prof. Dr. Armin Grunwald, Leiter des Instituts f\u00fcr Technikfolgenabsch\u00e4tzung und Systemanalyse (ITAS) Karlsruhe und Leiter des B\u00fcros f\u00fcr Technikfolgen-Absch\u00e4tzung beim Deutschen Bundestag (TAB) sowie Dr. Klaus Unterberger, Leiter des Public-Value-Kompetenzzentrums des \u00f6sterreichischen Rundfunks (ORF).<\/p>\n<p>Mit den beiden Referenten werden diskutieren Dr. Constanze Kurz, Sprecherin des Chaos Computer Clubs und Team-Mitglied der Internetplattform netzpolitik.org, Florian Hager, Programmgesch\u00e4ftsf\u00fchrer von \u201efunk\u201c, dem Online Medienangebot und Content-Netzwerk der ARD und des ZDF f\u00fcr Jugendliche und junge Erwachsene zwischen 14 und 29 Jahren sowie der Medienrechtler Prof. Dr. Dieter D\u00f6rr von der Johannes-Gutenberg-Universit\u00e4t Mainz. Die Diskussion moderiert die freie Journalistin Brigitte Baetz.<\/p>\n<p>Ort der Veranstaltung: Stadtbibliothek K\u00f6ln, Josef-Haubrich-Hof 1 50676 K\u00f6ln (N\u00e4he Neumarkt)<br \/>\nDatum: 26. November 2019<br \/>\nBeginn: 13.00 Uhr<\/p>\n<p><a href=\"https:\/\/ioer.org\/wp-content\/uploads\/2019\/10\/IO\u0308R_Symposium_261119.pdf\">Download des Einladungs-Flyers (PDF 2 MB)<\/a><\/p>\n<hr \/>\n<h3>Freie Meinungsbildung im Netz? Medienregulierung im\u00a0digitalen Zeitalter<\/h3>\n<h4>Konferenz des Initiativkreises \u00d6ffentlicher Rundfunk K\u00f6ln und des Grimme-Instituts Marl<\/h4>\n<p>Mittwoch, 24. Juni 2015, 14:00 \u2013 18:00 Uhr<br \/>\nVHS-Forum im Rautenstrauch-Joest-Museum<br \/>\nC\u00e4cilienstra\u00dfe 29 \u2013 33, 50667 K\u00f6ln<\/p>\n<p><a href=\"https:\/\/ioer.org\/wp-content\/uploads\/2017\/07\/2015-tagung-flyer.pdf\">Faltblatt Programm<\/a><br \/>\n<a href=\"https:\/\/ioer.org\/wp-content\/uploads\/2017\/07\/2015-statementstagung.pdf\">Zusammenfassende Statements<\/a><br \/>\n<a href=\"https:\/\/ioer.org\/wp-content\/uploads\/2017\/07\/2015-epd26-i\u00f6r-tagung.pdf\">Tagungsbericht in epd Medien<\/a><br \/>\n<a href=\"https:\/\/ioer.org\/wp-content\/uploads\/2017\/07\/2015-epd28-rossen-dokumentation.pdf\">Vortragstext von Helge Rossen-Stadtfeld in epd Medien<\/a><br \/>\n<a href=\"https:\/\/ioer.org\/?page_id=142\">Fotos<\/a><\/p>\n<hr \/>\n<h3>Public Value<\/h3>\n<h4>Was soll der \u00f6ffentlich-rechtliche Rundfunk f\u00fcr die Gesellschaft leisten?<\/h4>\n<h4>Ein Symposion des Initiativkreises \u00d6ffentlicher Rundfunk K\u00f6ln<\/h4>\n<p>Freitag, den 09. M\u00e4rz 2012, 10:15 \u2013 17:15 Uhr<\/p>\n<p>Hauptgeb\u00e4ude der Universit\u00e4t zu K\u00f6ln, H\u00f6rsaal XIII<br \/>\nAlbertus-Magnus-Platz, 50937<\/p>\n<p><a href=\"https:\/\/ioer.org\/wp-content\/uploads\/2017\/07\/2012-Programm-Public-Value.pdf\">Faltblatt Programm<\/a><br \/>\n<a href=\"https:\/\/ioer.org\/?page_id=188\">Mitschnitte, Fotos und Texte<\/a><br \/>\n<a href=\"http:\/\/www.lit-verlag.de\/isbn\/3-643-11756-4\">Tagungsband<\/a><\/p>\n<hr \/>\n<h3>Der Dreistufentest \u00a0als Chance f\u00fcr den \u00a0\u00f6ffentlich-rechtlichen Rundfunk<\/h3>\n<h4>Eine Tagung des Initiativkreises\u00a0\u00d6ffentlicher Rundfunk K\u00f6ln<\/h4>\n<p>Montag, den 16. M\u00e4rz 2009, 11.00 \u2013 17.00 Uhr<\/p>\n<p>im Maternushaus, Tagungszentrum des\u00a0Erzbistums K\u00f6ln,\u00a0Kardinal-Frings-Str. 1-3, 50668 K\u00f6ln<\/p>\n<p style=\"text-align: left;\" align=\"center\"><a href=\"https:\/\/ioer.org\/wp-content\/uploads\/2017\/07\/2009-tagungsflyer-3stufentest.pdf\">Programm<\/a><a href=\"https:\/\/ioer.org\/wp-content\/uploads\/2017\/07\/2009-tagungsflyer-3stufentest.pdf\" target=\"_blank\" rel=\"noopener noreferrer\"><br \/>\n<\/a><a href=\"http:\/\/www.lit-verlag.de\/isbn\/3-643-10244-7\">Tagungsband<\/a><br \/>\n<a href=\"https:\/\/ioer.org\/wp-content\/uploads\/2017\/07\/2009-tagung-saalfoto.jpg\">Foto<\/a><\/p>\n<hr \/>\n<h3 style=\"text-align: left;\" align=\"center\">Der Kulturauftrag des\u00a0\u00f6ffentlich-rechtlichen Rundfunks<\/h3>\n<h4 style=\"text-align: left;\" align=\"center\">Ein Symposion des Initiativkreises\u00a0\u00d6ffentlicher Rundfunk K\u00f6ln,<\/h4>\n<p>unter Mitwirkung des Deutschen Kulturrats\u00a0und der Deutschen UNESCO-Kommission\u00a0und mit Unterst\u00fctzung der Deutschen Bischofskonferenz.<\/p>\n<p style=\"text-align: left;\" align=\"center\">Mittwoch, den 26. Januar 2005,\u00a010.15 &#8211; 17.15 Uhr\u00a0im Maternushaus, Tagungszentrum des\u00a0Erzbistums K\u00f6ln,\u00a0Kardinal-Frings-Str. 1-3, 50668 K\u00f6ln<\/p>\n<p style=\"text-align: left;\" align=\"center\"><a href=\"https:\/\/ioer.org\/wp-content\/uploads\/2017\/07\/2005-tagungsflyer-kulturauftrag-b.pdf\">Programm<\/a><a href=\"10aktuelles\/aktuelles2r.pdf\" target=\"_blank\" rel=\"noopener noreferrer\"><br \/>\n<\/a><a href=\"http:\/\/www.lit-verlag.de\/isbn\/3-8258-8603-4\">Tagungsband<\/a><\/p>\n<hr \/>\n<h3 style=\"text-align: left;\" align=\"center\">Rundfunk der\u00a0B\u00fcrger. Anspruch und Wirklichkeit der gesellschaftlichen Kontrolle<\/h3>\n<h4 style=\"text-align: left;\" align=\"center\">Ein Symposion des K\u00f6lner\u00a0Initiativkreises zur F\u00f6rderung des \u00f6ffentlichen\u00a0Rundfunks,<\/h4>\n<p>unter Mitwirkung des Rundfunkrats des WDR und mit Unterst\u00fctzung des FFFZ der Evangelischen Kirche im\u00a0Rheinland<\/p>\n<p style=\"text-align: left;\" align=\"center\">Mittwoch, den 22. Januar 2003,\u00a010.00 &#8211; 17.00 Uhr<\/p>\n<p style=\"text-align: left;\" align=\"center\">&#8222;FFFZ &#8211; Film Funk Fernseh Zentrum&#8220; der\u00a0Evangelischen Kirche im Rheinland, Kaiserswerther Str. 450, D-40474 D\u00fcsseldorf<\/p>\n<p style=\"text-align: left;\" align=\"center\"><a href=\"https:\/\/ioer.org\/wp-content\/uploads\/2017\/07\/2003-symposion-b\u00fcrgerrundfunk.pdf\">Programm<\/a><br \/>\n<a href=\"https:\/\/ioer.org\/?page_id=234\">Texte<\/a><\/p>\n<hr \/>\n<h3 style=\"text-align: left;\" align=\"center\">B\u00fcrgerinteressen und die\u00a0Zukunft des \u00f6ffentlich-rechtlichen Rundfunks<\/h3>\n<h4 style=\"text-align: left;\" align=\"center\">Internationale Konferenz des World\u00a0Radio and Television Councils und der deutschen Initiativkreise zur F\u00f6rderung des\u00a0\u00f6ffentlich-rechtlichen Rundfunks<\/h4>\n<p style=\"text-align: left;\" align=\"center\">am 19. Mai 1998,\u00a010.00 &#8211; 17.00 Uhr<\/p>\n<p style=\"text-align: left;\" align=\"center\">im Gro\u00dfen Sendesaal des\u00a0DeutschlandRadios,\u00a0Raderbergg\u00fcrtel 40, D-50968 K\u00f6ln<\/p>\n<p style=\"text-align: left;\" align=\"center\"><a href=\"https:\/\/ioer.org\/wp-content\/uploads\/2017\/07\/1998-konferenz-b\u00fcrgerinteressen.pdf\">Programm<\/a><\/p>\n","protected":false},"excerpt":{"rendered":"<p>Neue Herausforderungen f\u00fcr den \u00f6ffentlich-rechtlichen Rundfunk im Internet So lautet der Titel eines medienpolitischen Symposiums, zu dem der Initiativkreis \u00f6ffentlich-rechtlicher Rundfunk (I\u00d6R) am 26. November 2019 nach K\u00f6ln einl\u00e4dt. Negative Entwicklungen im Internet stehen derzeit im Fokus \u00f6ffentlicher Diskussion: Algorithmen, die uns und m\u00f6glicherweise demokratische Wahlen manipulieren, Fake News, die sich schneller verbreiten als die wahren Tatsachen oder die Verrohung der Sprache durch Hasskommentare und Beleidigungen von Politkern und Prominenten. Aber sind diese Erscheinungen m\u00f6glicherweise nur Symptome einer Entwicklung, die wesentlich tiefere Ursachen hat? Der I\u00d6R hat angesehene und kompetente Pers\u00f6nlichkeiten gebeten, dieser Frage nachzugehen und insbesondere folgende Aspekte n\u00e4her zu beleuchten: Haben die negativen<a class=\"more-link\" href=\"https:\/\/ioer.org\/?page_id=24\">WEITER \u261e<\/a><\/p>\n","protected":false},"author":1,"featured_media":0,"parent":0,"menu_order":0,"comment_status":"closed","ping_status":"closed","template":"","meta":{"footnotes":""},"class_list":["entry","author-horcrux","post-24","page","type-page","status-publish"],"_links":{"self":[{"href":"https:\/\/ioer.org\/index.php?rest_route=\/wp\/v2\/pages\/24","targetHints":{"allow":["GET"]}}],"collection":[{"href":"https:\/\/ioer.org\/index.php?rest_route=\/wp\/v2\/pages"}],"about":[{"href":"https:\/\/ioer.org\/index.php?rest_route=\/wp\/v2\/types\/page"}],"author":[{"embeddable":true,"href":"https:\/\/ioer.org\/index.php?rest_route=\/wp\/v2\/users\/1"}],"replies":[{"embeddable":true,"href":"https:\/\/ioer.org\/index.php?rest_route=%2Fwp%2Fv2%2Fcomments&post=24"}],"version-history":[{"count":24,"href":"https:\/\/ioer.org\/index.php?rest_route=\/wp\/v2\/pages\/24\/revisions"}],"predecessor-version":[{"id":702,"href":"https:\/\/ioer.org\/index.php?rest_route=\/wp\/v2\/pages\/24\/revisions\/702"}],"wp:attachment":[{"href":"https:\/\/ioer.org\/index.php?rest_route=%2Fwp%2Fv2%2Fmedia&parent=24"}],"curies":[{"name":"wp","href":"https:\/\/api.w.org\/{rel}","templated":true}]}}