{"id":301,"date":"2017-07-07T14:19:02","date_gmt":"2017-07-07T12:19:02","guid":{"rendered":"http:\/\/ioer.org\/?page_id=301"},"modified":"2018-03-07T17:46:28","modified_gmt":"2018-03-07T16:46:28","slug":"rainer-assion","status":"publish","type":"page","link":"https:\/\/ioer.org\/?page_id=301","title":{"rendered":"Rainer Assion"},"content":{"rendered":"<h4>Rainer Assion<\/h4>\n<p><img loading=\"lazy\" decoding=\"async\" class=\"alignnone size-medium wp-image-340\" src=\"https:\/\/ioer.org\/wp-content\/uploads\/2018\/02\/assion-e1520440359202-263x300.jpg\" alt=\"\" width=\"263\" height=\"300\" srcset=\"https:\/\/ioer.org\/wp-content\/uploads\/2018\/02\/assion-e1520440359202-263x300.jpg 263w, https:\/\/ioer.org\/wp-content\/uploads\/2018\/02\/assion-e1520440359202-768x877.jpg 768w, https:\/\/ioer.org\/wp-content\/uploads\/2018\/02\/assion-e1520440359202-897x1024.jpg 897w, https:\/\/ioer.org\/wp-content\/uploads\/2018\/02\/assion-e1520440359202-425x485.jpg 425w\" sizes=\"auto, (max-width: 263px) 100vw, 263px\" \/><\/p>\n<p>Journalist, Moderator, Coach und Lehrbeauftragter f\u00fcr Journalismus an der WH-Gelsenkirchen.<\/p>\n<p>1969 bis 1973 freier Mitarbeiter bei verschiedenen Tageszeitungen sowie Reporter, Autor und Moderator f\u00fcr den H\u00f6rfunk des WDR und andere Radiosender in Deutschland und der Schweiz.<\/p>\n<p>Seit Oktober 1973 fest angestellt im WDR: Redakteur f\u00fcr die Sendungen \u201eWDR 2 Morgenmagazin\u201c, \u201eWDR 2 Mittagsmagazin\u201c und \u201eZwischen Rhein und Weser\u201c. Moderation der Radiosendungen \u201eARD Nachtprogramm\u201c, \u201eZwischen Rhein und Weser\u201c, \u201eWDR 2 Morgenmagazin\u201c, \u201eH\u00f6rer machen Programm\u201c sowie \u201eA-Z \u2013 Das Sonntagsmagazin\u201c und Sondersendungen.<\/p>\n<p>1980: Entwicklung und Aufbau eines neuen Radioformates: \u201eA bis Z &#8211; Das Sonntagsmagazin\u201c. Redakteur der Sendung bis 1991.<\/p>\n<p>1983 Kurt-Magnus-Preis f\u00fcr Nachwuchsjournalisten.<\/p>\n<p>1991: Chef vom Dienst und Redaktionsleiter bei WDR 2. Von 1996 bis 2003 stellvertretender Programmchef der Welle WDR 2.<\/p>\n<p>April 2003 bis M\u00e4rz 2005 Programmkoordinator in der Programmleitung WDR 3, zust\u00e4ndig f\u00fcr Programmentwicklung, Langfristplanung und die Digitalisierung des Kulturradios.<\/p>\n<p>Januar 2005 bis Dezember 2015 Jugendschutzbeauftragter des WDR und Leiter der Aus- und Fortbildungsredaktion Radio, Fernsehen und Internet \/ (Leitung der Journalistenausbildung im Sender).<\/p>\n","protected":false},"excerpt":{"rendered":"<p>Rainer Assion Journalist, Moderator, Coach und Lehrbeauftragter f\u00fcr Journalismus an der WH-Gelsenkirchen. 1969 bis 1973 freier Mitarbeiter bei verschiedenen Tageszeitungen sowie Reporter, Autor und Moderator f\u00fcr den H\u00f6rfunk des WDR und andere Radiosender in Deutschland und der Schweiz. Seit Oktober 1973 fest angestellt im WDR: Redakteur f\u00fcr die Sendungen \u201eWDR 2 Morgenmagazin\u201c, \u201eWDR 2 Mittagsmagazin\u201c und \u201eZwischen Rhein und Weser\u201c. Moderation der Radiosendungen \u201eARD Nachtprogramm\u201c, \u201eZwischen Rhein und Weser\u201c, \u201eWDR 2 Morgenmagazin\u201c, \u201eH\u00f6rer machen Programm\u201c sowie \u201eA-Z \u2013 Das Sonntagsmagazin\u201c und Sondersendungen. 1980: Entwicklung und Aufbau eines neuen Radioformates: \u201eA bis Z &#8211; Das Sonntagsmagazin\u201c. Redakteur der Sendung bis 1991. 1983 Kurt-Magnus-Preis f\u00fcr Nachwuchsjournalisten. 1991:<a class=\"more-link\" href=\"https:\/\/ioer.org\/?page_id=301\">WEITER \u261e<\/a><\/p>\n","protected":false},"author":1,"featured_media":0,"parent":21,"menu_order":0,"comment_status":"closed","ping_status":"closed","template":"","meta":{"footnotes":""},"class_list":["entry","author-horcrux","post-301","page","type-page","status-publish"],"_links":{"self":[{"href":"https:\/\/ioer.org\/index.php?rest_route=\/wp\/v2\/pages\/301","targetHints":{"allow":["GET"]}}],"collection":[{"href":"https:\/\/ioer.org\/index.php?rest_route=\/wp\/v2\/pages"}],"about":[{"href":"https:\/\/ioer.org\/index.php?rest_route=\/wp\/v2\/types\/page"}],"author":[{"embeddable":true,"href":"https:\/\/ioer.org\/index.php?rest_route=\/wp\/v2\/users\/1"}],"replies":[{"embeddable":true,"href":"https:\/\/ioer.org\/index.php?rest_route=%2Fwp%2Fv2%2Fcomments&post=301"}],"version-history":[{"count":3,"href":"https:\/\/ioer.org\/index.php?rest_route=\/wp\/v2\/pages\/301\/revisions"}],"predecessor-version":[{"id":375,"href":"https:\/\/ioer.org\/index.php?rest_route=\/wp\/v2\/pages\/301\/revisions\/375"}],"up":[{"embeddable":true,"href":"https:\/\/ioer.org\/index.php?rest_route=\/wp\/v2\/pages\/21"}],"wp:attachment":[{"href":"https:\/\/ioer.org\/index.php?rest_route=%2Fwp%2Fv2%2Fmedia&parent=301"}],"curies":[{"name":"wp","href":"https:\/\/api.w.org\/{rel}","templated":true}]}}