{"id":360,"date":"2018-02-20T12:30:23","date_gmt":"2018-02-20T11:30:23","guid":{"rendered":"http:\/\/ioer.org\/?page_id=360"},"modified":"2018-02-20T12:31:46","modified_gmt":"2018-02-20T11:31:46","slug":"peter-wolf","status":"publish","type":"page","link":"https:\/\/ioer.org\/?page_id=360","title":{"rendered":"Peter Wolf"},"content":{"rendered":"<div><img loading=\"lazy\" decoding=\"async\" class=\"alignnone size-medium wp-image-339\" src=\"https:\/\/ioer.org\/wp-content\/uploads\/2018\/02\/wolf-e1519126139243-263x300.jpg\" alt=\"\" width=\"263\" height=\"300\" srcset=\"https:\/\/ioer.org\/wp-content\/uploads\/2018\/02\/wolf-e1519126139243-263x300.jpg 263w, https:\/\/ioer.org\/wp-content\/uploads\/2018\/02\/wolf-e1519126139243-768x877.jpg 768w, https:\/\/ioer.org\/wp-content\/uploads\/2018\/02\/wolf-e1519126139243-897x1024.jpg 897w, https:\/\/ioer.org\/wp-content\/uploads\/2018\/02\/wolf-e1519126139243-425x485.jpg 425w\" sizes=\"auto, (max-width: 263px) 100vw, 263px\" \/><\/div>\n<div>\n<h3>Peter Wolf<\/h3>\n<\/div>\n<div>Oberstleutnant a.D.<\/div>\n<div>Geboren 1949 in Boppard, wohnhaft in K\u00f6ln<\/div>\n<div>Nach dem Abitur Offizierausbildung bei der Luftwaffe. Einsatz in verschiedenen Truppen-und Stabsverwendungen.<\/div>\n<div>Ausbildung zum Pressestabsoffizier an der F\u00fchrungsakademie der Bundeswehr in Hamburg mit anschlie\u00dfender Verwendung als Stabsoffizier f\u00fcr \u00d6ffentlichkeitsarbeit in D\u00fcsseldorf, Dezernatsleiter in der Informations- und Medienzentrale der Bundeswehr in Sankt Augustin und Bonn.<\/div>\n<div>Am 31.12.2007 aus dem aktiven Dienst der Bundeswehr ausgeschieden.<\/div>\n<div><\/div>\n<div><strong>Ehrenamtliches Engagement:<\/strong><\/div>\n<div>Seit 1996 in der Fachgruppe Opfer von Krieg und Gewalt beim VdK Landesverband NRW e.V. in D\u00fcsseldorf.<\/div>\n<div>Seit 2004 Leiter der Fachgruppe und Mitglied im Landesverbandsvorstand.<\/div>\n<div>Seit 2001 Mitglied des Bundesausschusses der Kriegsbesch\u00e4digten-und Kriegshinterbliebenenf\u00fcrsorge beim Bundesministerium f\u00fcr Arbeit und Soziales<\/div>\n<div>Seit 2007 Ehrenamtlicher Richter am Sozialgericht K\u00f6ln<\/div>\n<div>Seit 2008 Mitglied des Initiativkreises \u00d6ffentlich-rechtlicher Rundfunk (I\u00d6R) K\u00f6ln e.V.<\/div>\n<div>2009-2012 Mitglied, 2012-2016 stv. Mitglied im WDR Rundfunkrat<\/div>\n<div><\/div>\n<div>Vorstandsmitglied des I\u00d6R, Kassenwart<\/div>\n","protected":false},"excerpt":{"rendered":"<p>Peter Wolf Oberstleutnant a.D. Geboren 1949 in Boppard, wohnhaft in K\u00f6ln Nach dem Abitur Offizierausbildung bei der Luftwaffe. Einsatz in verschiedenen Truppen-und Stabsverwendungen. Ausbildung zum Pressestabsoffizier an der F\u00fchrungsakademie der Bundeswehr in Hamburg mit anschlie\u00dfender Verwendung als Stabsoffizier f\u00fcr \u00d6ffentlichkeitsarbeit in D\u00fcsseldorf, Dezernatsleiter in der Informations- und Medienzentrale der Bundeswehr in Sankt Augustin und Bonn. Am 31.12.2007 aus dem aktiven Dienst der Bundeswehr ausgeschieden. Ehrenamtliches Engagement: Seit 1996 in der Fachgruppe Opfer von Krieg und Gewalt beim VdK Landesverband NRW e.V. in D\u00fcsseldorf. Seit 2004 Leiter der Fachgruppe und Mitglied im Landesverbandsvorstand. Seit 2001 Mitglied des Bundesausschusses der Kriegsbesch\u00e4digten-und Kriegshinterbliebenenf\u00fcrsorge beim Bundesministerium f\u00fcr Arbeit und<a class=\"more-link\" href=\"https:\/\/ioer.org\/?page_id=360\">WEITER \u261e<\/a><\/p>\n","protected":false},"author":1,"featured_media":0,"parent":21,"menu_order":0,"comment_status":"closed","ping_status":"closed","template":"","meta":{"footnotes":""},"class_list":["entry","author-horcrux","post-360","page","type-page","status-publish"],"_links":{"self":[{"href":"https:\/\/ioer.org\/index.php?rest_route=\/wp\/v2\/pages\/360","targetHints":{"allow":["GET"]}}],"collection":[{"href":"https:\/\/ioer.org\/index.php?rest_route=\/wp\/v2\/pages"}],"about":[{"href":"https:\/\/ioer.org\/index.php?rest_route=\/wp\/v2\/types\/page"}],"author":[{"embeddable":true,"href":"https:\/\/ioer.org\/index.php?rest_route=\/wp\/v2\/users\/1"}],"replies":[{"embeddable":true,"href":"https:\/\/ioer.org\/index.php?rest_route=%2Fwp%2Fv2%2Fcomments&post=360"}],"version-history":[{"count":2,"href":"https:\/\/ioer.org\/index.php?rest_route=\/wp\/v2\/pages\/360\/revisions"}],"predecessor-version":[{"id":362,"href":"https:\/\/ioer.org\/index.php?rest_route=\/wp\/v2\/pages\/360\/revisions\/362"}],"up":[{"embeddable":true,"href":"https:\/\/ioer.org\/index.php?rest_route=\/wp\/v2\/pages\/21"}],"wp:attachment":[{"href":"https:\/\/ioer.org\/index.php?rest_route=%2Fwp%2Fv2%2Fmedia&parent=360"}],"curies":[{"name":"wp","href":"https:\/\/api.w.org\/{rel}","templated":true}]}}