{"id":381,"date":"2018-03-07T18:06:56","date_gmt":"2018-03-07T17:06:56","guid":{"rendered":"http:\/\/ioer.org\/?page_id=381"},"modified":"2018-03-15T12:23:57","modified_gmt":"2018-03-15T11:23:57","slug":"manfred-meurer","status":"publish","type":"page","link":"https:\/\/ioer.org\/?page_id=381","title":{"rendered":"Manfred Meurer"},"content":{"rendered":"<h4>Dr.\u00a0 Manfred Meurer<\/h4>\n<div><img loading=\"lazy\" decoding=\"async\" class=\"alignnone size-medium wp-image-352\" src=\"https:\/\/ioer.org\/wp-content\/uploads\/2018\/02\/meurer-e1520437716784-263x300.jpg\" alt=\"\" width=\"263\" height=\"300\" srcset=\"https:\/\/ioer.org\/wp-content\/uploads\/2018\/02\/meurer-e1520437716784-263x300.jpg 263w, https:\/\/ioer.org\/wp-content\/uploads\/2018\/02\/meurer-e1520437716784-768x877.jpg 768w, https:\/\/ioer.org\/wp-content\/uploads\/2018\/02\/meurer-e1520437716784-897x1024.jpg 897w, https:\/\/ioer.org\/wp-content\/uploads\/2018\/02\/meurer-e1520437716784-425x485.jpg 425w\" sizes=\"auto, (max-width: 263px) 100vw, 263px\" \/><\/div>\n<div>Dipl.-Kfm., wohnt in 50259 Pulheim.<\/div>\n<div>Nach Praktika bei einer Steuerberatungskanzlei und als Lehrhauer im Steinkohlenbergbau bei Aachen Studium der Betriebswirtschaftslehre und schwerpunktm\u00e4\u00dfig des Privatrechts an der Universit\u00e4t zu K\u00f6ln bis 1965.<\/div>\n<div>Verschiedene verantwortliche T\u00e4tigkeiten z. B. im Zentraleinkauf mit z. T. Fortbildung im Ausland bei der Bayer AG Leverkusen und z. B. in der\u00a0 Vorstandsorganisation des Gerling-Konzern, K\u00f6ln.<\/div>\n<div>Danach beim WDR K\u00f6ln anf\u00e4nglich als Organisationsberater, in der Folge Leiter des Referates Betriebswirtschaft in der Fernsehproduktionsdirektion, dann bis zum Ruhestandsbeginn Einkaufsleiter und st\u00e4ndig stellvertretender Hauptabteilungsleiter des WDR sowie Beschaffungsbeauftragter ARD\/ZDF. Langj\u00e4hrige Zust\u00e4ndigkeit und Verantwortlichkeit f\u00fcr den Einkauf einschlie\u00dflich Mittelbewirtschaftung und mittelfristiger Finanzplanung des WDR, f\u00fcr die Verwaltung der in- und ausl\u00e4ndischen WDR-Au\u00dfenstudios sowie der ARD (im Falle der Federf\u00fchrung durch den WDR), f\u00fcr die Filmgesch\u00e4ftsf\u00fchrung sowie den Fundus und die L\u00e4ger einschlie\u00dflich Inventar des WDR.<\/div>\n<div>Seit Ruhestandsbeginn neben freiberuflich beratender T\u00e4tigkeit Promotionsstudium an den Fakult\u00e4ten f\u00fcr Wirtschaftswissenschaften an der Universit\u00e4t zu K\u00f6ln und abschlie\u00dfend der Ruhr-Universit\u00e4t Bochum mit Promotion in 2007;\u00a0Untersuchung von Prozessen und Strukturen des \u00f6ffentlich-rechtlichen Rundfunks mit Entwicklung eines Konzeptes zu grundlegenden\u00a0 Effizienzverbesserungen des \u00f6ffentlichen Rundfunks.<\/div>\n<div>Mitglied im \u201eExpertenportal Erfahrung-Deutschland\u201c sowie im Bundesverband Deutscher Volks- und Betriebswirte e. V.<\/div>\n<div>Ver\u00f6ffentlichungen u. a. Fachbuch \u201eProzessverbesserungen f\u00fcr Lizenz-Beschaffungen von \u00f6ffentlich-rechtlichen Rundfunkanstalten in Deutschland\u201c.<\/div>\n","protected":false},"excerpt":{"rendered":"<p>Dr.\u00a0 Manfred Meurer Dipl.-Kfm., wohnt in 50259 Pulheim. Nach Praktika bei einer Steuerberatungskanzlei und als Lehrhauer im Steinkohlenbergbau bei Aachen Studium der Betriebswirtschaftslehre und schwerpunktm\u00e4\u00dfig des Privatrechts an der Universit\u00e4t zu K\u00f6ln bis 1965. Verschiedene verantwortliche T\u00e4tigkeiten z. B. im Zentraleinkauf mit z. T. Fortbildung im Ausland bei der Bayer AG Leverkusen und z. B. in der\u00a0 Vorstandsorganisation des Gerling-Konzern, K\u00f6ln. Danach beim WDR K\u00f6ln anf\u00e4nglich als Organisationsberater, in der Folge Leiter des Referates Betriebswirtschaft in der Fernsehproduktionsdirektion, dann bis zum Ruhestandsbeginn Einkaufsleiter und st\u00e4ndig stellvertretender Hauptabteilungsleiter des WDR sowie Beschaffungsbeauftragter ARD\/ZDF. Langj\u00e4hrige Zust\u00e4ndigkeit und Verantwortlichkeit f\u00fcr den Einkauf einschlie\u00dflich Mittelbewirtschaftung und mittelfristiger Finanzplanung des<a class=\"more-link\" href=\"https:\/\/ioer.org\/?page_id=381\">WEITER \u261e<\/a><\/p>\n","protected":false},"author":1,"featured_media":0,"parent":21,"menu_order":0,"comment_status":"closed","ping_status":"closed","template":"","meta":{"footnotes":""},"class_list":["entry","author-horcrux","post-381","page","type-page","status-publish"],"_links":{"self":[{"href":"https:\/\/ioer.org\/index.php?rest_route=\/wp\/v2\/pages\/381","targetHints":{"allow":["GET"]}}],"collection":[{"href":"https:\/\/ioer.org\/index.php?rest_route=\/wp\/v2\/pages"}],"about":[{"href":"https:\/\/ioer.org\/index.php?rest_route=\/wp\/v2\/types\/page"}],"author":[{"embeddable":true,"href":"https:\/\/ioer.org\/index.php?rest_route=\/wp\/v2\/users\/1"}],"replies":[{"embeddable":true,"href":"https:\/\/ioer.org\/index.php?rest_route=%2Fwp%2Fv2%2Fcomments&post=381"}],"version-history":[{"count":5,"href":"https:\/\/ioer.org\/index.php?rest_route=\/wp\/v2\/pages\/381\/revisions"}],"predecessor-version":[{"id":452,"href":"https:\/\/ioer.org\/index.php?rest_route=\/wp\/v2\/pages\/381\/revisions\/452"}],"up":[{"embeddable":true,"href":"https:\/\/ioer.org\/index.php?rest_route=\/wp\/v2\/pages\/21"}],"wp:attachment":[{"href":"https:\/\/ioer.org\/index.php?rest_route=%2Fwp%2Fv2%2Fmedia&parent=381"}],"curies":[{"name":"wp","href":"https:\/\/api.w.org\/{rel}","templated":true}]}}