{"id":407,"date":"2018-03-07T22:01:35","date_gmt":"2018-03-07T21:01:35","guid":{"rendered":"http:\/\/ioer.org\/?page_id=407"},"modified":"2018-03-15T12:25:14","modified_gmt":"2018-03-15T11:25:14","slug":"wolfgang-lieb","status":"publish","type":"page","link":"https:\/\/ioer.org\/?page_id=407","title":{"rendered":"Wolfgang Lieb"},"content":{"rendered":"<h4>Dr. jur. Wolfgang Lieb<\/h4>\n<p><img loading=\"lazy\" decoding=\"async\" class=\"alignnone size-medium wp-image-351\" src=\"https:\/\/ioer.org\/wp-content\/uploads\/2018\/02\/lieb-e1520438908290-262x300.jpg\" alt=\"\" width=\"262\" height=\"300\" srcset=\"https:\/\/ioer.org\/wp-content\/uploads\/2018\/02\/lieb-e1520438908290-262x300.jpg 262w, https:\/\/ioer.org\/wp-content\/uploads\/2018\/02\/lieb-e1520438908290-768x878.jpg 768w, https:\/\/ioer.org\/wp-content\/uploads\/2018\/02\/lieb-e1520438908290-896x1024.jpg 896w, https:\/\/ioer.org\/wp-content\/uploads\/2018\/02\/lieb-e1520438908290-425x486.jpg 425w\" sizes=\"auto, (max-width: 262px) 100vw, 262px\" \/><br \/>\nGeboren 1944 in Stuttgart, verheiratet, zwei Kinder, wohnt in K\u00f6ln.<\/p>\n<p>Studium der Rechtswissenschaften und der politischen Wissenschaften in Berlin, Bonn und K\u00f6ln. Promotion \u00fcber das Thema Kabelfernsehen und Rundfunkgesetze (1972).<\/p>\n<p>1974 bis 1976 Wissenschaftlicher Assistent an der Gesamthochschule Essen im Fachbereich Philosophie, 1976 bis 1979 Wissenschaftlicher Mitarbeiter an der Sozialwissenschaftlichen Fakult\u00e4t der Universit\u00e4t Bielefeld.<\/p>\n<p>1979 bis 1983 Referent in der Planungsabteilung des Bundeskanzleramtes zust\u00e4ndig f\u00fcr Medienpolitik, 1983 bis 1987 Referatsleiter in der Landesvertretung NRW und in der Staatskanzlei NRW, 1987 bis 1996 zun\u00e4chst stellvertretender, dann Regierungssprecher und Leiter des Landespresseamtes NRW, 1996 bis 2000 Staatssekret\u00e4r im Wissenschaftsministeriums NRW.<\/p>\n<p>Seither Autor, Publizist und Blogger.<\/p>\n","protected":false},"excerpt":{"rendered":"<p>Dr. jur. Wolfgang Lieb Geboren 1944 in Stuttgart, verheiratet, zwei Kinder, wohnt in K\u00f6ln. Studium der Rechtswissenschaften und der politischen Wissenschaften in Berlin, Bonn und K\u00f6ln. Promotion \u00fcber das Thema Kabelfernsehen und Rundfunkgesetze (1972). 1974 bis 1976 Wissenschaftlicher Assistent an der Gesamthochschule Essen im Fachbereich Philosophie, 1976 bis 1979 Wissenschaftlicher Mitarbeiter an der Sozialwissenschaftlichen Fakult\u00e4t der Universit\u00e4t Bielefeld. 1979 bis 1983 Referent in der Planungsabteilung des Bundeskanzleramtes zust\u00e4ndig f\u00fcr Medienpolitik, 1983 bis 1987 Referatsleiter in der Landesvertretung NRW und in der Staatskanzlei NRW, 1987 bis 1996 zun\u00e4chst stellvertretender, dann Regierungssprecher und Leiter des Landespresseamtes NRW, 1996 bis 2000 Staatssekret\u00e4r im Wissenschaftsministeriums NRW. Seither Autor, Publizist<a class=\"more-link\" href=\"https:\/\/ioer.org\/?page_id=407\">WEITER \u261e<\/a><\/p>\n","protected":false},"author":1,"featured_media":0,"parent":21,"menu_order":0,"comment_status":"closed","ping_status":"closed","template":"","meta":{"footnotes":""},"class_list":["entry","author-horcrux","post-407","page","type-page","status-publish"],"_links":{"self":[{"href":"https:\/\/ioer.org\/index.php?rest_route=\/wp\/v2\/pages\/407","targetHints":{"allow":["GET"]}}],"collection":[{"href":"https:\/\/ioer.org\/index.php?rest_route=\/wp\/v2\/pages"}],"about":[{"href":"https:\/\/ioer.org\/index.php?rest_route=\/wp\/v2\/types\/page"}],"author":[{"embeddable":true,"href":"https:\/\/ioer.org\/index.php?rest_route=\/wp\/v2\/users\/1"}],"replies":[{"embeddable":true,"href":"https:\/\/ioer.org\/index.php?rest_route=%2Fwp%2Fv2%2Fcomments&post=407"}],"version-history":[{"count":2,"href":"https:\/\/ioer.org\/index.php?rest_route=\/wp\/v2\/pages\/407\/revisions"}],"predecessor-version":[{"id":409,"href":"https:\/\/ioer.org\/index.php?rest_route=\/wp\/v2\/pages\/407\/revisions\/409"}],"up":[{"embeddable":true,"href":"https:\/\/ioer.org\/index.php?rest_route=\/wp\/v2\/pages\/21"}],"wp:attachment":[{"href":"https:\/\/ioer.org\/index.php?rest_route=%2Fwp%2Fv2%2Fmedia&parent=407"}],"curies":[{"name":"wp","href":"https:\/\/api.w.org\/{rel}","templated":true}]}}