{"id":464,"date":"2018-05-01T13:59:02","date_gmt":"2018-05-01T11:59:02","guid":{"rendered":"http:\/\/ioer.org\/?page_id=464"},"modified":"2018-05-01T14:03:27","modified_gmt":"2018-05-01T12:03:27","slug":"ortlieb-fliedner","status":"publish","type":"page","link":"https:\/\/ioer.org\/?page_id=464","title":{"rendered":"Ortlieb Fliedner"},"content":{"rendered":"<h4>Dr. Ortlieb Fliedner<\/h4>\n<p><img loading=\"lazy\" decoding=\"async\" class=\"alignnone size-medium wp-image-443\" src=\"https:\/\/ioer.org\/wp-content\/uploads\/2018\/03\/fliedner-e1525175882830-264x300.jpg\" alt=\"\" width=\"264\" height=\"300\" srcset=\"https:\/\/ioer.org\/wp-content\/uploads\/2018\/03\/fliedner-e1525175882830-264x300.jpg 264w, https:\/\/ioer.org\/wp-content\/uploads\/2018\/03\/fliedner-e1525175882830-768x874.jpg 768w, https:\/\/ioer.org\/wp-content\/uploads\/2018\/03\/fliedner-e1525175882830-900x1024.jpg 900w, https:\/\/ioer.org\/wp-content\/uploads\/2018\/03\/fliedner-e1525175882830-425x484.jpg 425w\" sizes=\"auto, (max-width: 264px) 100vw, 264px\" \/><\/p>\n<p><span style=\"font-size: medium;\">Juristisches Studium in Freiburg und Bonn.<\/span><\/p>\n<p><span style=\"font-size: medium;\">Nach den beiden Staatsexamina und Promotion zun\u00e4chst wissenschaftlicher Assistent an der Universit\u00e4t in Bonn. <\/span><\/p>\n<p><span style=\"font-size: medium;\">Von 1974 bis 1995 im Bundesinnenministerium t\u00e4tig. Arbeitsfelder waren u.a. Europarecht, Neue Medien, Rechts- und Verwaltungsvereinfachung, Verwaltungsmodernisierung, gute Gesetzgebung. <\/span><\/p>\n<p><span style=\"font-size: medium;\">Zwischendurch von 1977 bis 1981 als beurlaubter Beamter pers\u00f6nlicher Referent eines stellvertretenden Fraktionsvorsitzenden der SPD-Bundestagsfraktion sowie von 1985 bis 1986 Hauptgesch\u00e4ftsf\u00fchrer des Deutschen Journalistenverbandes. <\/span><\/p>\n<p><span style=\"font-size: medium;\">Von 1995 bis 1999 erster hauptamtlicher B\u00fcrgermeister der Stadt Marl. <\/span><\/p>\n<p><span style=\"font-size: medium;\">Seit 2000 freiberuflich als Rechtsanwalt t\u00e4tig. <\/span><\/p>\n<p><span style=\"font-size: medium;\">Von 1975 bis 1992 Mitglied des Rates der Stadt Bonn.<\/span><\/p>\n<p><span style=\"font-size: medium;\">Mitglied im Vorstand der Deutschen Gesellschaft f\u00fcr Gesetzgebung<\/span><\/p>\n<p><span style=\"font-size: medium;\">Zahlreiche Ver\u00f6ffentlichungen zu den Themen Recht, Politik und Demokratie, u.a. die B\u00fccher \u201eWarum soll ich w\u00e4hlen gehen? \u2013 Wie funktioniert unsere Demokratie?\u201c und \u201eRechtsetzung in Deutschland \u2013 Gesetzgebung in der Demokratie\u201c.<\/span><\/p>\n","protected":false},"excerpt":{"rendered":"<p>Dr. Ortlieb Fliedner Juristisches Studium in Freiburg und Bonn. Nach den beiden Staatsexamina und Promotion zun\u00e4chst wissenschaftlicher Assistent an der Universit\u00e4t in Bonn. Von 1974 bis 1995 im Bundesinnenministerium t\u00e4tig. Arbeitsfelder waren u.a. Europarecht, Neue Medien, Rechts- und Verwaltungsvereinfachung, Verwaltungsmodernisierung, gute Gesetzgebung. Zwischendurch von 1977 bis 1981 als beurlaubter Beamter pers\u00f6nlicher Referent eines stellvertretenden Fraktionsvorsitzenden der SPD-Bundestagsfraktion sowie von 1985 bis 1986 Hauptgesch\u00e4ftsf\u00fchrer des Deutschen Journalistenverbandes. Von 1995 bis 1999 erster hauptamtlicher B\u00fcrgermeister der Stadt Marl. Seit 2000 freiberuflich als Rechtsanwalt t\u00e4tig. Von 1975 bis 1992 Mitglied des Rates der Stadt Bonn. Mitglied im Vorstand der Deutschen Gesellschaft f\u00fcr Gesetzgebung Zahlreiche Ver\u00f6ffentlichungen zu den Themen<a class=\"more-link\" href=\"https:\/\/ioer.org\/?page_id=464\">WEITER \u261e<\/a><\/p>\n","protected":false},"author":1,"featured_media":0,"parent":21,"menu_order":0,"comment_status":"closed","ping_status":"closed","template":"","meta":{"footnotes":""},"class_list":["entry","author-horcrux","post-464","page","type-page","status-publish"],"_links":{"self":[{"href":"https:\/\/ioer.org\/index.php?rest_route=\/wp\/v2\/pages\/464","targetHints":{"allow":["GET"]}}],"collection":[{"href":"https:\/\/ioer.org\/index.php?rest_route=\/wp\/v2\/pages"}],"about":[{"href":"https:\/\/ioer.org\/index.php?rest_route=\/wp\/v2\/types\/page"}],"author":[{"embeddable":true,"href":"https:\/\/ioer.org\/index.php?rest_route=\/wp\/v2\/users\/1"}],"replies":[{"embeddable":true,"href":"https:\/\/ioer.org\/index.php?rest_route=%2Fwp%2Fv2%2Fcomments&post=464"}],"version-history":[{"count":3,"href":"https:\/\/ioer.org\/index.php?rest_route=\/wp\/v2\/pages\/464\/revisions"}],"predecessor-version":[{"id":469,"href":"https:\/\/ioer.org\/index.php?rest_route=\/wp\/v2\/pages\/464\/revisions\/469"}],"up":[{"embeddable":true,"href":"https:\/\/ioer.org\/index.php?rest_route=\/wp\/v2\/pages\/21"}],"wp:attachment":[{"href":"https:\/\/ioer.org\/index.php?rest_route=%2Fwp%2Fv2%2Fmedia&parent=464"}],"curies":[{"name":"wp","href":"https:\/\/api.w.org\/{rel}","templated":true}]}}