{"id":487,"date":"2018-05-01T14:28:21","date_gmt":"2018-05-01T12:28:21","guid":{"rendered":"http:\/\/ioer.org\/?page_id=487"},"modified":"2018-05-01T14:33:04","modified_gmt":"2018-05-01T12:33:04","slug":"gualtiero-zambonini","status":"publish","type":"page","link":"https:\/\/ioer.org\/?page_id=487","title":{"rendered":"Gualtiero Zambonini"},"content":{"rendered":"<h4>Gualtiero Zambonini<\/h4>\n<div><img loading=\"lazy\" decoding=\"async\" class=\"alignnone size-medium wp-image-441\" src=\"https:\/\/ioer.org\/wp-content\/uploads\/2018\/03\/zambonini-e1525177677340-264x300.jpg\" alt=\"\" width=\"264\" height=\"300\" srcset=\"https:\/\/ioer.org\/wp-content\/uploads\/2018\/03\/zambonini-e1525177677340-264x300.jpg 264w, https:\/\/ioer.org\/wp-content\/uploads\/2018\/03\/zambonini-e1525177677340-768x874.jpg 768w, https:\/\/ioer.org\/wp-content\/uploads\/2018\/03\/zambonini-e1525177677340-900x1024.jpg 900w, https:\/\/ioer.org\/wp-content\/uploads\/2018\/03\/zambonini-e1525177677340-425x484.jpg 425w\" sizes=\"auto, (max-width: 264px) 100vw, 264px\" \/><\/div>\n<div><\/div>\n<div>ist in Rom geboren. Dort schloss er das Studium der Geschichte und Philosophie ab.<\/div>\n<div><\/div>\n<div>Seit 1976 festangestellter Redakteur beim WDR. 1983 Leiter der italienischen Redaktion des WDR.<\/div>\n<div><\/div>\n<div>Am 1. November 1995 \u00fcbernahm er als Leiter die Programmgruppe \u201eForum Europa\u201c und wurde damit zust\u00e4ndig f\u00fcr die Fremdsprachensendungen der ARD. Im Mai 1999 wurde er Mitgr\u00fcnder und erster Leiter der kosmopolitischen Integrationswelle des WDR Funkhaus Europa, in Kooperation mit Radio Bremen, rbb und NDR.<\/div>\n<div><\/div>\n<div>Im Jahre 2002 bet\u00e4tigte er sich als Gr\u00fcndungsmitglied der CIVIS-Medienstiftung.<\/div>\n<div><\/div>\n<div>Vom Mai 2003 bis Oktober 2016 war er Integrationsbeauftragter des WDR. Er vertrat w\u00e4hrend dieser Zeit die ARD beim Integrationsgipfel von Bundeskanzlerin Angela Merkel.<\/div>\n<div><\/div>\n<div>Am 20. August 2008 erhielt er in D\u00fcsseldorf den Verdienstorden des Landes Nordrhein-Westfalen.\u00a0Am 23. Oktober 2016 wurde er von NRW Ministerpr\u00e4sidentin Hannelore Kraft mit dem Bundesverdienstkreuz 1. Klasse ausgezeichnet.<\/div>\n<div><\/div>\n<div>Seit M\u00e4rz 2018 ist er auf Vorschlag vom WDR Intendanten Tom Buhrow Vorsitzender des Schlichtungsausschusses des WDR.<\/div>\n<p>&nbsp;<\/p>\n<div><em>Projekte und Initiativen (Auswahl)<\/em><\/div>\n<div><\/div>\n<div>2000, 2001, 2002 Mitglied in der Lenkungsgruppe des WDR Europa-Forums in Br\u00fcssel und Warschau<\/div>\n<div>2005 :50 Jahre deutsche Vita \u2013 mit Fritz Pleitgen und dem damaligen Innenminister Otto Schily im Haus der Geschichte in Bonn<\/div>\n<div><\/div>\n<div>2006 EBU-Konferenz \u201eMigration und Integration: Europas gro\u00dfe Herausforderung\u201c mit vier Intendanten, Programmmachern, Wissenschaftlern und Politikern aus ganz Europa in der Zeche Zollverein in Essen<\/div>\n<div><\/div>\n<div>2008 Programmkonferenz \u201eEin Programm f\u00fcr Alle\u201c mit Programmverantwortlichen und Medienschaffenden aus Deutschland, \u00d6sterreich und der Schweiz in der Deutschen Welle in Bonn<\/div>\n<div><\/div>\n<div>2009 Zweit\u00e4giges internationales Symposium \u201ePl\u00f6tzlich so viel Heimat\u201c \u00fcber den Wandel von Identit\u00e4t und Kultur in Film und Gesellschaft in K\u00f6ln<\/div>\n<div><\/div>\n<div>2011 WDR-Bildungskonferenz mit NRW-Ministerpr\u00e4sidentin Hannelore Kraft, Schulministerin Sylvia L\u00f6hrmann, Armin Laschet und Protagonisten aus Bildungs- und Kultureinrichtungen im Museum Kunstpalast D\u00fcsseldorf<\/div>\n<div><\/div>\n<div>2012 Konferenz \u201eVielfalt gestalten in Unternehmen, Medien und Stadtgesellschaft\u201c mit Spitzenvertretern von \u00fcber 60 Wirtschaftsunternehmen, Stadtverwaltung, Politik<\/div>\n<div><\/div>\n<div>2016 WDR Integrationsgipfel mit Akteuren aus Politik, Gesellschaft, Kultur und Medien zur Frage &#8222;Wie schaffen wir es?&#8220;, u.a. mit WDR-Intendant Tom Buhrow und NRW-Ministerpr\u00e4sidentin Hannelore Kraft<\/div>\n<div><\/div>\n<div>Gualtiero Zambonini ist verheiratet mit Anke R\u00f6hrbein und Vater von zwei Kindern.<\/div>\n<div><\/div>\n","protected":false},"excerpt":{"rendered":"<p>Gualtiero Zambonini ist in Rom geboren. Dort schloss er das Studium der Geschichte und Philosophie ab. Seit 1976 festangestellter Redakteur beim WDR. 1983 Leiter der italienischen Redaktion des WDR. Am 1. November 1995 \u00fcbernahm er als Leiter die Programmgruppe \u201eForum Europa\u201c und wurde damit zust\u00e4ndig f\u00fcr die Fremdsprachensendungen der ARD. Im Mai 1999 wurde er Mitgr\u00fcnder und erster Leiter der kosmopolitischen Integrationswelle des WDR Funkhaus Europa, in Kooperation mit Radio Bremen, rbb und NDR. Im Jahre 2002 bet\u00e4tigte er sich als Gr\u00fcndungsmitglied der CIVIS-Medienstiftung. Vom Mai 2003 bis Oktober 2016 war er Integrationsbeauftragter des WDR. Er vertrat w\u00e4hrend dieser Zeit die ARD beim Integrationsgipfel von<a class=\"more-link\" href=\"https:\/\/ioer.org\/?page_id=487\">WEITER \u261e<\/a><\/p>\n","protected":false},"author":1,"featured_media":0,"parent":21,"menu_order":0,"comment_status":"closed","ping_status":"closed","template":"","meta":{"footnotes":""},"class_list":["entry","author-horcrux","post-487","page","type-page","status-publish"],"_links":{"self":[{"href":"https:\/\/ioer.org\/index.php?rest_route=\/wp\/v2\/pages\/487","targetHints":{"allow":["GET"]}}],"collection":[{"href":"https:\/\/ioer.org\/index.php?rest_route=\/wp\/v2\/pages"}],"about":[{"href":"https:\/\/ioer.org\/index.php?rest_route=\/wp\/v2\/types\/page"}],"author":[{"embeddable":true,"href":"https:\/\/ioer.org\/index.php?rest_route=\/wp\/v2\/users\/1"}],"replies":[{"embeddable":true,"href":"https:\/\/ioer.org\/index.php?rest_route=%2Fwp%2Fv2%2Fcomments&post=487"}],"version-history":[{"count":5,"href":"https:\/\/ioer.org\/index.php?rest_route=\/wp\/v2\/pages\/487\/revisions"}],"predecessor-version":[{"id":493,"href":"https:\/\/ioer.org\/index.php?rest_route=\/wp\/v2\/pages\/487\/revisions\/493"}],"up":[{"embeddable":true,"href":"https:\/\/ioer.org\/index.php?rest_route=\/wp\/v2\/pages\/21"}],"wp:attachment":[{"href":"https:\/\/ioer.org\/index.php?rest_route=%2Fwp%2Fv2%2Fmedia&parent=487"}],"curies":[{"name":"wp","href":"https:\/\/api.w.org\/{rel}","templated":true}]}}