{"id":524,"date":"2018-07-17T21:38:46","date_gmt":"2018-07-17T19:38:46","guid":{"rendered":"http:\/\/ioer.org\/?page_id=524"},"modified":"2018-07-17T21:38:46","modified_gmt":"2018-07-17T19:38:46","slug":"antje-karin-pieper","status":"publish","type":"page","link":"https:\/\/ioer.org\/?page_id=524","title":{"rendered":"Antje Karin Pieper"},"content":{"rendered":"<h4>Antje Karin Pieper<\/h4>\n<p>Geboren 1943 in Bad Berleburg, Rechtsanw\u00e4ltin, Justiziarin des WDR a. D.<\/p>\n<p>Abitur in L\u00fcbeck, anschlie\u00dfend Studium der Rechtswissenschaften in K\u00f6ln, Freiburg im Breisgau und Wien. 1967\/68 DAAD-Stipendium in Lyon und Paris. Erstes Juristisches Staatsexamen 1969.<\/p>\n<p>T\u00e4tig am Institut f\u00fcr Kommunikationsforschung 1970\u20131973, bei der EU-Kommission in Br\u00fcssel, im Deutschen Bundestag, bei UNITAR in New York.<\/p>\n<p>Zweites Juristisches Staatsexamen 1975. Von 1976 an in der Bundesregierung t\u00e4tig: zuletzt als Regierungsdirektorin im Bundesministerium f\u00fcr Forschung und Technologie 1977\u20131987. Von 1983 bis 1987 entsandt zum Institut der Deutschen Wirtschaft, K\u00f6ln, dort Leiterin des Referats \u201eSchl\u00fcsseltechnologien\u201c.<\/p>\n<p>1987-1997 Justiziarin des Westdeutschen Rundfunks. 1991-92 Vorsitzende der Juristischen Kommission von ARD und ZDF. 1993-1997 Sprecherin der ARD in der Juristischen Kommission der Europ\u00e4ischen Rundfunkunion, Genf (EBU).<\/p>\n<p>Seit 1998 Medienanw\u00e4ltin in Berlin.\u00a0 Senior Fellow beim Zentrum f\u00fcr Europ\u00e4ische Integrationsforschung (ZEI), Uni Bonn. Sprecherin des Berliner Initiativkreises BIK\u00d6R 2000 bis 2015. Mitglied des Medienrats der Medienanstalt Berlin-Brandenburg (mabb) 2003 bis 2009.<\/p>\n<p>Zahlreiche Publikationen zum medienrechtlichen und medienpolitischen Fragen.<\/p>\n","protected":false},"excerpt":{"rendered":"<p>Antje Karin Pieper Geboren 1943 in Bad Berleburg, Rechtsanw\u00e4ltin, Justiziarin des WDR a. D. Abitur in L\u00fcbeck, anschlie\u00dfend Studium der Rechtswissenschaften in K\u00f6ln, Freiburg im Breisgau und Wien. 1967\/68 DAAD-Stipendium in Lyon und Paris. Erstes Juristisches Staatsexamen 1969. T\u00e4tig am Institut f\u00fcr Kommunikationsforschung 1970\u20131973, bei der EU-Kommission in Br\u00fcssel, im Deutschen Bundestag, bei UNITAR in New York. Zweites Juristisches Staatsexamen 1975. Von 1976 an in der Bundesregierung t\u00e4tig: zuletzt als Regierungsdirektorin im Bundesministerium f\u00fcr Forschung und Technologie 1977\u20131987. Von 1983 bis 1987 entsandt zum Institut der Deutschen Wirtschaft, K\u00f6ln, dort Leiterin des Referats \u201eSchl\u00fcsseltechnologien\u201c. 1987-1997 Justiziarin des Westdeutschen Rundfunks. 1991-92 Vorsitzende der Juristischen Kommission von<a class=\"more-link\" href=\"https:\/\/ioer.org\/?page_id=524\">WEITER \u261e<\/a><\/p>\n","protected":false},"author":1,"featured_media":0,"parent":21,"menu_order":0,"comment_status":"closed","ping_status":"closed","template":"","meta":{"footnotes":""},"class_list":["entry","author-horcrux","post-524","page","type-page","status-publish"],"_links":{"self":[{"href":"https:\/\/ioer.org\/index.php?rest_route=\/wp\/v2\/pages\/524","targetHints":{"allow":["GET"]}}],"collection":[{"href":"https:\/\/ioer.org\/index.php?rest_route=\/wp\/v2\/pages"}],"about":[{"href":"https:\/\/ioer.org\/index.php?rest_route=\/wp\/v2\/types\/page"}],"author":[{"embeddable":true,"href":"https:\/\/ioer.org\/index.php?rest_route=\/wp\/v2\/users\/1"}],"replies":[{"embeddable":true,"href":"https:\/\/ioer.org\/index.php?rest_route=%2Fwp%2Fv2%2Fcomments&post=524"}],"version-history":[{"count":2,"href":"https:\/\/ioer.org\/index.php?rest_route=\/wp\/v2\/pages\/524\/revisions"}],"predecessor-version":[{"id":526,"href":"https:\/\/ioer.org\/index.php?rest_route=\/wp\/v2\/pages\/524\/revisions\/526"}],"up":[{"embeddable":true,"href":"https:\/\/ioer.org\/index.php?rest_route=\/wp\/v2\/pages\/21"}],"wp:attachment":[{"href":"https:\/\/ioer.org\/index.php?rest_route=%2Fwp%2Fv2%2Fmedia&parent=524"}],"curies":[{"name":"wp","href":"https:\/\/api.w.org\/{rel}","templated":true}]}}