{"id":537,"date":"2018-07-17T22:01:35","date_gmt":"2018-07-17T20:01:35","guid":{"rendered":"http:\/\/ioer.org\/?page_id=537"},"modified":"2018-07-17T22:01:35","modified_gmt":"2018-07-17T20:01:35","slug":"manfred-kops","status":"publish","type":"page","link":"https:\/\/ioer.org\/?page_id=537","title":{"rendered":"Manfred Kops"},"content":{"rendered":"<h4>Dr. Manfred Kops<\/h4>\n<p><img loading=\"lazy\" decoding=\"async\" class=\"alignnone size-medium wp-image-539\" src=\"https:\/\/ioer.org\/wp-content\/uploads\/2018\/07\/Kops_LIT-216x300.jpg\" alt=\"\" width=\"216\" height=\"300\" srcset=\"https:\/\/ioer.org\/wp-content\/uploads\/2018\/07\/Kops_LIT-216x300.jpg 216w, https:\/\/ioer.org\/wp-content\/uploads\/2018\/07\/Kops_LIT-768x1067.jpg 768w, https:\/\/ioer.org\/wp-content\/uploads\/2018\/07\/Kops_LIT-737x1024.jpg 737w, https:\/\/ioer.org\/wp-content\/uploads\/2018\/07\/Kops_LIT-396x550.jpg 396w, https:\/\/ioer.org\/wp-content\/uploads\/2018\/07\/Kops_LIT.jpg 798w\" sizes=\"auto, (max-width: 216px) 100vw, 216px\" \/><\/p>\n<p>Geboren 1950 in K\u00f6ln, wohnhaft in K\u00f6ln.<\/p>\n<p>Studium der Volkswirtschaftslehre, Soziologie und Informatik an den Universit\u00e4ten in Bonn und K\u00f6ln und an der Pennsylvania State University, USA. Examen zur Diplom-Volkswirt 1976 an der Universit\u00e4t zu K\u00f6ln, zwischen 1977 und 1986 dort t\u00e4tig als wissenschaftlicher Mitarbeiter am Seminar f\u00fcr Finanzwissenschaft und am Finanzwissenschaftlichen Forschungsinstitut. 1982 Promotion zu Thema \u201eDie regionalen Verteilungswirkungen des kommunalen Finanzausgleichs\u201c an der Universit\u00e4t zu K\u00f6ln.<\/p>\n<p>Zwischen 1987 und 1991 verschiedene T\u00e4tigkeiten f\u00fcr private Unternehmen und \u00f6ffentliche Organisationen, unter anderem f\u00fcr ein internationales Software-Unternehmen, f\u00fcr den Bundesverband Deutscher Banken, K\u00f6ln, und f\u00fcr die Gesellschaft f\u00fcr Technische Zusammenarbeit, GTZ, Frankfurt\/Eschborn. 1991 R\u00fcckkehr die Universit\u00e4t K\u00f6ln und Aufbau des 1990 gegr\u00fcndeten Instituts f\u00fcr Rundfunk\u00f6konomie, zusammen mit den Gr\u00fcndungsdirektoren, den Professoren Dr. K.-H. Hansmeyer und Dr. G. Sieben. 1992 und 1993 Vertretungsprofessur f\u00fcr Finanzwissenschaft an der Universit\u00e4t Trier, von 1994 bis 2013 Gesch\u00e4ftsf\u00fchrer des Instituts f\u00fcr Rundfunk\u00f6konomie an der Universit\u00e4t zu K\u00f6ln und dort Lehrbeauftragter f\u00fcr Medien\u00f6konomie.<\/p>\n<p>Eintritt in den Ruhestand 2013. Gastprofessur f\u00fcr Medien\u00f6konomie an der Ryerson-University Toronto 2015\u20132016.<\/p>\n<p>Zwischen 1997 und 2013 Vorsitzender des \u201eInitiativkreises \u00d6ffentlicher Rundfunk\u201c, IOER, zwischen 2002 und 2013 Mitglied im Direktorium der \u201eEuropean Alliance of Listeners\u2019 and Viewers\u2019 Associations\u201c, EURALVA, zwischen 2004 und 2015 Mitglied des Herausgeber-Beirats der Zeitschrift MedienWirtschaft und Herausgeber der \u201eArbeitspapiere des Instituts f\u00fcr Rundfunk\u00f6konomie\u201c. Mitglied im Verein f\u00fcr Socialpolitik und in der Deutschen Gesellschaft f\u00fcr Publizistik.<\/p>\n","protected":false},"excerpt":{"rendered":"<p>Dr. Manfred Kops Geboren 1950 in K\u00f6ln, wohnhaft in K\u00f6ln. Studium der Volkswirtschaftslehre, Soziologie und Informatik an den Universit\u00e4ten in Bonn und K\u00f6ln und an der Pennsylvania State University, USA. Examen zur Diplom-Volkswirt 1976 an der Universit\u00e4t zu K\u00f6ln, zwischen 1977 und 1986 dort t\u00e4tig als wissenschaftlicher Mitarbeiter am Seminar f\u00fcr Finanzwissenschaft und am Finanzwissenschaftlichen Forschungsinstitut. 1982 Promotion zu Thema \u201eDie regionalen Verteilungswirkungen des kommunalen Finanzausgleichs\u201c an der Universit\u00e4t zu K\u00f6ln. Zwischen 1987 und 1991 verschiedene T\u00e4tigkeiten f\u00fcr private Unternehmen und \u00f6ffentliche Organisationen, unter anderem f\u00fcr ein internationales Software-Unternehmen, f\u00fcr den Bundesverband Deutscher Banken, K\u00f6ln, und f\u00fcr die Gesellschaft f\u00fcr Technische Zusammenarbeit, GTZ, Frankfurt\/Eschborn. 1991<a class=\"more-link\" href=\"https:\/\/ioer.org\/?page_id=537\">WEITER \u261e<\/a><\/p>\n","protected":false},"author":1,"featured_media":0,"parent":21,"menu_order":0,"comment_status":"closed","ping_status":"closed","template":"","meta":{"footnotes":""},"class_list":["entry","author-horcrux","post-537","page","type-page","status-publish"],"_links":{"self":[{"href":"https:\/\/ioer.org\/index.php?rest_route=\/wp\/v2\/pages\/537","targetHints":{"allow":["GET"]}}],"collection":[{"href":"https:\/\/ioer.org\/index.php?rest_route=\/wp\/v2\/pages"}],"about":[{"href":"https:\/\/ioer.org\/index.php?rest_route=\/wp\/v2\/types\/page"}],"author":[{"embeddable":true,"href":"https:\/\/ioer.org\/index.php?rest_route=\/wp\/v2\/users\/1"}],"replies":[{"embeddable":true,"href":"https:\/\/ioer.org\/index.php?rest_route=%2Fwp%2Fv2%2Fcomments&post=537"}],"version-history":[{"count":2,"href":"https:\/\/ioer.org\/index.php?rest_route=\/wp\/v2\/pages\/537\/revisions"}],"predecessor-version":[{"id":540,"href":"https:\/\/ioer.org\/index.php?rest_route=\/wp\/v2\/pages\/537\/revisions\/540"}],"up":[{"embeddable":true,"href":"https:\/\/ioer.org\/index.php?rest_route=\/wp\/v2\/pages\/21"}],"wp:attachment":[{"href":"https:\/\/ioer.org\/index.php?rest_route=%2Fwp%2Fv2%2Fmedia&parent=537"}],"curies":[{"name":"wp","href":"https:\/\/api.w.org\/{rel}","templated":true}]}}