{"id":857,"date":"2021-08-31T15:52:20","date_gmt":"2021-08-31T13:52:20","guid":{"rendered":"https:\/\/ioer.org\/?page_id=857"},"modified":"2021-09-10T17:57:55","modified_gmt":"2021-09-10T15:57:55","slug":"gerhard-zienczyk","status":"publish","type":"page","link":"https:\/\/ioer.org\/?page_id=857","title":{"rendered":"Gerhard Zienczyk"},"content":{"rendered":"\n<h4 class=\"wp-block-heading\">Gerhard Zienczyk<\/h4>\n\n\n\n<figure class=\"wp-block-image size-full is-resized\"><img loading=\"lazy\" decoding=\"async\" src=\"https:\/\/ioer.org\/wp-content\/uploads\/2021\/09\/zienczyk.jpg\" alt=\"\" class=\"wp-image-866\" width=\"205\" height=\"242\" srcset=\"https:\/\/ioer.org\/wp-content\/uploads\/2021\/09\/zienczyk.jpg 409w, https:\/\/ioer.org\/wp-content\/uploads\/2021\/09\/zienczyk-254x300.jpg 254w\" sizes=\"auto, (max-width: 205px) 100vw, 205px\" \/><\/figure>\n\n\n\n<p>Jahrgang 1956. Nach seiner Ausbildung zum Radio-und Fernsehtechniker und ersten Berufserfahrungen in dieser Branche und als ziviler Technischer Angestellter der Britischen Rheinarmee wechselte Gerhard Zienczyk 1985 zum damaligen Kabelpilotprojekt des WDR in Dortmund. Die Sendabwicklung erfolgte dort erstmals rechnergesteuert. Als Schichtleiter war er verantwortlich f\u00fcr die FS-Spartenprogramme des WDR und den neuen ZDF-Musikkanal. Diese Erfahrungen mit Innovationen in einer sich schnell wandelnden Medienlandschaft pr\u00e4gten auch seinen weiteren beruflichen Werdegang nachhaltig. Technische Trends wurden seine Leidenschaft \u2013 ob bei Radio Dortmund, dem Lokalsender des WDR, oder als Ingenieur \/ 1. Techniker bei der Betreuung der WDR-H\u00f6rfunkprogramme in Sendung, Produktion und \u00dc-Wagen.<\/p>\n\n\n\n<p>Sp\u00e4ter war er ma\u00dfgeblich an der Umsetzung der Radio-Digitalisierung in den WDR-Landesstudios und Auslandsstudios beteiligt. Ein wichtiger Bestandteil seiner T\u00e4tigkeit waren hier die Aus- und Fortbildung der Mitarbeiter:innen sowie die Weiterentwicklung der Produktionssysteme und die Vernetzung der H\u00f6rfunk-Regionalstudios des WDR. Au\u00dferdem betreute Gerhard Zienczyk \u00fcber viele Jahre hinweg die Studio- und IT -Technik der Auslandsstudio und plante und betrieb die IT-Systeme f\u00fcr Gro\u00dfveranstaltungen, \u00fcber die der WDR-H\u00f6rfunk federf\u00fchrend berichtete &#8211; u.a. bei den Olympischen Spielen in Atlanta, bei Fu\u00dfball-EM und -WM, bei G8- und Klimagipfel sowie bei Bundes- und Landtagswahlen, Parteitagen usw.<\/p>\n\n\n\n<p>Sp\u00e4ter wechselte er ins Programm. In der H\u00f6rfunk-Direktion war er mehrere Jahre Leiter des Internationalen Programmaustausches und damit auch Schnittstelle zur EBU.<\/p>\n\n\n\n<p>Als Referent des stellv. Direktors Produktion und Technik konnte er die Erfahrungen aus dem Programm mit seiner Neugier f\u00fcr technische Innovationen verkn\u00fcpfen: als Verantwortlicher f\u00fcr die \u201edigitale Wohnung&#8220; des WDR brachte er in unz\u00e4hligen Vortr\u00e4gen Besucher- und Multiplikatorengruppen ebenso wie Medienprofis kommende medientechnische Entwicklungen und deren Auswirkungen auf Programm und Mediennutzung nahe.<\/p>\n\n\n\n<p>In Zusammenarbeit mit der \u00d6ffentlichkeitsarbeit entwickele und realisierte Zienczyk die neuen Studiof<em>este Ein Tag live<\/em>. Der Dialog mit den Zuschauer:innen fand hier in umgenutzten \u00dcbersee-Containern statt, ausgestattet mit kosteng\u00fcnstiger, neuester Prosumer-Medientechnik. Die Pr\u00e4sentation zeigt den WDR als innovatives und verantwortungsvoll mit Innovationen umgehendes Medienunternehmen.<\/p>\n\n\n\n<p>Als Mitglied der Projektgruppe <em>Medienkompetenz f\u00fcr Kinder<\/em> und sp\u00e4terer Technischer Leiter konzipierte und leitete er das bundesweit einzigartige (und sehr erfolgreiche) <em>WDR Studio Zwei<\/em> und das <em>WDR Kinderstudio<\/em>. Im <em>Studio Zwei<\/em> und im <em>Kinderstudio<\/em> erf\u00fcllt der WDR seinen Auftrag, Medienkompetenz zu vermitteln. Hands on erstellen Sch\u00fcler:innen, mittels innovativer Technik aus dem professionellen und dem Prosumer-Bereich, in 3 1\/2 Stunden eine eigene H\u00f6rfunk- oder Fernsehsendung. Gerhard Zienczyk war dar\u00fcber hinaus mitverantwortlich f\u00fcr die F\u00fchrungen und Veranstaltungen der Gremien und der Gesch\u00e4ftsf\u00fchrung auf Messen und Tagungen wie der Funkausstellung in Berlin.<\/p>\n","protected":false},"excerpt":{"rendered":"<p>Gerhard Zienczyk Jahrgang 1956. Nach seiner Ausbildung zum Radio-und Fernsehtechniker und ersten Berufserfahrungen in dieser Branche und als ziviler Technischer Angestellter der Britischen Rheinarmee wechselte Gerhard Zienczyk 1985 zum damaligen Kabelpilotprojekt des WDR in Dortmund. Die Sendabwicklung erfolgte dort erstmals rechnergesteuert. Als Schichtleiter war er verantwortlich f\u00fcr die FS-Spartenprogramme des WDR und den neuen ZDF-Musikkanal. Diese Erfahrungen mit Innovationen in einer sich schnell wandelnden Medienlandschaft pr\u00e4gten auch seinen weiteren beruflichen Werdegang nachhaltig. Technische Trends wurden seine Leidenschaft \u2013 ob bei Radio Dortmund, dem Lokalsender des WDR, oder als Ingenieur \/ 1. Techniker bei der Betreuung der WDR-H\u00f6rfunkprogramme in Sendung, Produktion und \u00dc-Wagen. Sp\u00e4ter war er<a class=\"more-link\" href=\"https:\/\/ioer.org\/?page_id=857\">WEITER \u261e<\/a><\/p>\n","protected":false},"author":3,"featured_media":0,"parent":21,"menu_order":0,"comment_status":"closed","ping_status":"closed","template":"","meta":{"footnotes":""},"class_list":["entry","author-gberg","post-857","page","type-page","status-publish"],"_links":{"self":[{"href":"https:\/\/ioer.org\/index.php?rest_route=\/wp\/v2\/pages\/857","targetHints":{"allow":["GET"]}}],"collection":[{"href":"https:\/\/ioer.org\/index.php?rest_route=\/wp\/v2\/pages"}],"about":[{"href":"https:\/\/ioer.org\/index.php?rest_route=\/wp\/v2\/types\/page"}],"author":[{"embeddable":true,"href":"https:\/\/ioer.org\/index.php?rest_route=\/wp\/v2\/users\/3"}],"replies":[{"embeddable":true,"href":"https:\/\/ioer.org\/index.php?rest_route=%2Fwp%2Fv2%2Fcomments&post=857"}],"version-history":[{"count":3,"href":"https:\/\/ioer.org\/index.php?rest_route=\/wp\/v2\/pages\/857\/revisions"}],"predecessor-version":[{"id":868,"href":"https:\/\/ioer.org\/index.php?rest_route=\/wp\/v2\/pages\/857\/revisions\/868"}],"up":[{"embeddable":true,"href":"https:\/\/ioer.org\/index.php?rest_route=\/wp\/v2\/pages\/21"}],"wp:attachment":[{"href":"https:\/\/ioer.org\/index.php?rest_route=%2Fwp%2Fv2%2Fmedia&parent=857"}],"curies":[{"name":"wp","href":"https:\/\/api.w.org\/{rel}","templated":true}]}}

<h4 class="wp-block-heading">Gerhard Zienczyk</h4>



<figure class="wp-block-image size-full is-resized"><img loading="lazy" decoding="async" src="https://ioer.org/wp-content/uploads/2021/09/zienczyk.jpg" alt="" class="wp-image-866" width="205" height="242" srcset="https://ioer.org/wp-content/uploads/2021/09/zienczyk.jpg 409w, https://ioer.org/wp-content/uploads/2021/09/zienczyk-254x300.jpg 254w" sizes="auto, (max-width: 205px) 100vw, 205px" /></figure>



<p>Jahrgang 1956. Nach seiner Ausbildung zum Radio-und Fernsehtechniker und ersten Berufserfahrungen in dieser Branche und als ziviler Technischer Angestellter der Britischen Rheinarmee wechselte Gerhard Zienczyk 1985 zum damaligen Kabelpilotprojekt des WDR in Dortmund. Die Sendabwicklung erfolgte dort erstmals rechnergesteuert. Als Schichtleiter war er verantwortlich für die FS-Spartenprogramme des WDR und den neuen ZDF-Musikkanal. Diese Erfahrungen mit Innovationen in einer sich schnell wandelnden Medienlandschaft prägten auch seinen weiteren beruflichen Werdegang nachhaltig. Technische Trends wurden seine Leidenschaft – ob bei Radio Dortmund, dem Lokalsender des WDR, oder als Ingenieur / 1. Techniker bei der Betreuung der WDR-Hörfunkprogramme in Sendung, Produktion und Ü-Wagen.</p>



<p>Später war er maßgeblich an der Umsetzung der Radio-Digitalisierung in den WDR-Landesstudios und Auslandsstudios beteiligt. Ein wichtiger Bestandteil seiner Tätigkeit waren hier die Aus- und Fortbildung der Mitarbeiter:innen sowie die Weiterentwicklung der Produktionssysteme und die Vernetzung der Hörfunk-Regionalstudios des WDR. Außerdem betreute Gerhard Zienczyk über viele Jahre hinweg die Studio- und IT -Technik der Auslandsstudio und plante und betrieb die IT-Systeme für Großveranstaltungen, über die der WDR-Hörfunk federführend berichtete &#8211; u.a. bei den Olympischen Spielen in Atlanta, bei Fußball-EM und -WM, bei G8- und Klimagipfel sowie bei Bundes- und Landtagswahlen, Parteitagen usw.</p>



<p>Später wechselte er ins Programm. In der Hörfunk-Direktion war er mehrere Jahre Leiter des Internationalen Programmaustausches und damit auch Schnittstelle zur EBU.</p>



<p>Als Referent des stellv. Direktors Produktion und Technik konnte er die Erfahrungen aus dem Programm mit seiner Neugier für technische Innovationen verknüpfen: als Verantwortlicher für die „digitale Wohnung&#8220; des WDR brachte er in unzähligen Vorträgen Besucher- und Multiplikatorengruppen ebenso wie Medienprofis kommende medientechnische Entwicklungen und deren Auswirkungen auf Programm und Mediennutzung nahe.</p>



<p>In Zusammenarbeit mit der Öffentlichkeitsarbeit entwickele und realisierte Zienczyk die neuen Studiof<em>este Ein Tag live</em>. Der Dialog mit den Zuschauer:innen fand hier in umgenutzten Übersee-Containern statt, ausgestattet mit kostengünstiger, neuester Prosumer-Medientechnik. Die Präsentation zeigt den WDR als innovatives und verantwortungsvoll mit Innovationen umgehendes Medienunternehmen.</p>



<p>Als Mitglied der Projektgruppe <em>Medienkompetenz für Kinder</em> und späterer Technischer Leiter konzipierte und leitete er das bundesweit einzigartige (und sehr erfolgreiche) <em>WDR Studio Zwei</em> und das <em>WDR Kinderstudio</em>. Im <em>Studio Zwei</em> und im <em>Kinderstudio</em> erfüllt der WDR seinen Auftrag, Medienkompetenz zu vermitteln. Hands on erstellen Schüler:innen, mittels innovativer Technik aus dem professionellen und dem Prosumer-Bereich, in 3 1/2 Stunden eine eigene Hörfunk- oder Fernsehsendung. Gerhard Zienczyk war darüber hinaus mitverantwortlich für die Führungen und Veranstaltungen der Gremien und der Geschäftsführung auf Messen und Tagungen wie der Funkausstellung in Berlin.</p>

<p>Gerhard Zienczyk Jahrgang 1956. Nach seiner Ausbildung zum Radio-und Fernsehtechniker und ersten Berufserfahrungen in dieser Branche und als ziviler Technischer Angestellter der Britischen Rheinarmee wechselte Gerhard Zienczyk 1985 zum damaligen Kabelpilotprojekt des WDR in Dortmund. Die Sendabwicklung erfolgte dort erstmals rechnergesteuert. Als Schichtleiter war er verantwortlich für die FS-Spartenprogramme des WDR und den neuen ZDF-Musikkanal. Diese Erfahrungen mit Innovationen in einer sich schnell wandelnden Medienlandschaft prägten auch seinen weiteren beruflichen Werdegang nachhaltig. Technische Trends wurden seine Leidenschaft – ob bei Radio Dortmund, dem Lokalsender des WDR, oder als Ingenieur / 1. Techniker bei der Betreuung der WDR-Hörfunkprogramme in Sendung, Produktion und Ü-Wagen. Später war er<a class="more-link" href="https://ioer.org/?page_id=857">WEITER ☞</a></p>
