{"id":907,"date":"2022-01-26T17:01:32","date_gmt":"2022-01-26T16:01:32","guid":{"rendered":"https:\/\/ioer.org\/?page_id=907"},"modified":"2022-01-26T17:01:33","modified_gmt":"2022-01-26T16:01:33","slug":"osman-okkan","status":"publish","type":"page","link":"https:\/\/ioer.org\/?page_id=907","title":{"rendered":"Osman Okkan"},"content":{"rendered":"\n<div class=\"wp-block-image\"><figure class=\"alignleft size-medium\"><img loading=\"lazy\" decoding=\"async\" width=\"263\" height=\"300\" src=\"https:\/\/ioer.org\/wp-content\/uploads\/2022\/01\/osman_okkan-263x300.jpg\" alt=\"Osman Okkan\" class=\"wp-image-908\" srcset=\"https:\/\/ioer.org\/wp-content\/uploads\/2022\/01\/osman_okkan-263x300.jpg 263w, https:\/\/ioer.org\/wp-content\/uploads\/2022\/01\/osman_okkan-425x485.jpg 425w, https:\/\/ioer.org\/wp-content\/uploads\/2022\/01\/osman_okkan.jpg 768w\" sizes=\"auto, (max-width: 263px) 100vw, 263px\" \/><figcaption>Osman Okkan<\/figcaption><\/figure><\/div>\n\n\n\n<p>Geboren 1947 in Ankara<\/p>\n\n\n\n<p>aufgewachsen in Istanbul und seit 1965 in Deutschland<\/p>\n\n\n\n<p>Nach Studium der Wirtschafts- und Sozialwissenschaften in M\u00fcnster zun\u00e4chst als freier Journalist und Dokumentarfilmer t\u00e4tig<\/p>\n\n\n\n<p>bis 2006 als Redakteur beim WDR<\/p>\n\n\n\n<p>Autor und Produzent mehrerer Dokumentarfilme f\u00fcr ARTE, WDR und ZDF<\/p>\n\n\n\n<p>Mitbegr\u00fcnder des KulturForum T\u00fcrkeiDeutchland (1993) mit G\u00fcnter Grass und Yasar Kemal als Ehrenvorsitzenden<\/p>\n\n\n\n<p>Initiator und Leiter von zahlreichen interkulturellen und medialen Projekten<\/p>\n\n\n\n<p>Landesverdienstkreuz NRW (2012) und Bundesverdienstkreuz (2014)<\/p>\n","protected":false},"excerpt":{"rendered":"<p>Geboren 1947 in Ankara aufgewachsen in Istanbul und seit 1965 in Deutschland Nach Studium der Wirtschafts- und Sozialwissenschaften in M\u00fcnster zun\u00e4chst als freier Journalist und Dokumentarfilmer t\u00e4tig bis 2006 als Redakteur beim WDR Autor und Produzent mehrerer Dokumentarfilme f\u00fcr ARTE, WDR und ZDF Mitbegr\u00fcnder des KulturForum T\u00fcrkeiDeutchland (1993) mit G\u00fcnter Grass und Yasar Kemal als Ehrenvorsitzenden Initiator und Leiter von zahlreichen interkulturellen und medialen Projekten Landesverdienstkreuz NRW (2012) und Bundesverdienstkreuz (2014)<a class=\"more-link\" href=\"https:\/\/ioer.org\/?page_id=907\">WEITER \u261e<\/a><\/p>\n","protected":false},"author":3,"featured_media":0,"parent":21,"menu_order":0,"comment_status":"closed","ping_status":"closed","template":"","meta":{"footnotes":""},"class_list":["entry","author-gberg","post-907","page","type-page","status-publish"],"_links":{"self":[{"href":"https:\/\/ioer.org\/index.php?rest_route=\/wp\/v2\/pages\/907","targetHints":{"allow":["GET"]}}],"collection":[{"href":"https:\/\/ioer.org\/index.php?rest_route=\/wp\/v2\/pages"}],"about":[{"href":"https:\/\/ioer.org\/index.php?rest_route=\/wp\/v2\/types\/page"}],"author":[{"embeddable":true,"href":"https:\/\/ioer.org\/index.php?rest_route=\/wp\/v2\/users\/3"}],"replies":[{"embeddable":true,"href":"https:\/\/ioer.org\/index.php?rest_route=%2Fwp%2Fv2%2Fcomments&post=907"}],"version-history":[{"count":1,"href":"https:\/\/ioer.org\/index.php?rest_route=\/wp\/v2\/pages\/907\/revisions"}],"predecessor-version":[{"id":909,"href":"https:\/\/ioer.org\/index.php?rest_route=\/wp\/v2\/pages\/907\/revisions\/909"}],"up":[{"embeddable":true,"href":"https:\/\/ioer.org\/index.php?rest_route=\/wp\/v2\/pages\/21"}],"wp:attachment":[{"href":"https:\/\/ioer.org\/index.php?rest_route=%2Fwp%2Fv2%2Fmedia&parent=907"}],"curies":[{"name":"wp","href":"https:\/\/api.w.org\/{rel}","templated":true}]}}