{"id":922,"date":"2022-04-07T16:21:26","date_gmt":"2022-04-07T14:21:26","guid":{"rendered":"https:\/\/ioer.org\/?page_id=922"},"modified":"2022-04-07T16:22:09","modified_gmt":"2022-04-07T14:22:09","slug":"juergen-bremer","status":"publish","type":"page","link":"https:\/\/ioer.org\/?page_id=922","title":{"rendered":"J\u00fcrgen Bremer"},"content":{"rendered":"\n<div class=\"wp-block-image\"><figure class=\"alignright size-full\"><img loading=\"lazy\" decoding=\"async\" width=\"300\" height=\"300\" src=\"https:\/\/ioer.org\/wp-content\/uploads\/2022\/04\/Foto-Bremer-aktuell.jpg\" alt=\"\" class=\"wp-image-917\" srcset=\"https:\/\/ioer.org\/wp-content\/uploads\/2022\/04\/Foto-Bremer-aktuell.jpg 300w, https:\/\/ioer.org\/wp-content\/uploads\/2022\/04\/Foto-Bremer-aktuell-150x150.jpg 150w\" sizes=\"auto, (max-width: 300px) 100vw, 300px\" \/><figcaption>J\u00fcrgen Bremer<\/figcaption><\/figure><\/div>\n\n\n\n<p>Jurist und Journalist<\/p>\n\n\n\n<p>Politischer Redakteur beim K\u00f6lner Stadt-Anzeiger, WDR-Pressesprecher, stv. ARD-Sprecher, stv. phoenix-Programmgesch\u00e4ftsf\u00fchrer und Leiter der Gespr\u00e4chsredaktion.<\/p>\n\n\n\n<p>Lehrbeauftragter und Professor f\u00fcr Medienrecht an der Hochschule Bonn-Rhein-Sieg (bis 2019)<\/p>\n\n\n\n<p>Mitglied im 12. Rundfunkrat des WDR f\u00fcr die Deutsche Initiative f\u00fcr den Nahen Osten (DINO), Mitglied im Programm-Ausschuss<\/p>\n\n\n\n<p>Vorsitzender Sozialfonds K\u00f6lner Journalisten<\/p>\n","protected":false},"excerpt":{"rendered":"<p>Jurist und Journalist Politischer Redakteur beim K\u00f6lner Stadt-Anzeiger, WDR-Pressesprecher, stv. ARD-Sprecher, stv. phoenix-Programmgesch\u00e4ftsf\u00fchrer und Leiter der Gespr\u00e4chsredaktion. Lehrbeauftragter und Professor f\u00fcr Medienrecht an der Hochschule Bonn-Rhein-Sieg (bis 2019) Mitglied im 12. Rundfunkrat des WDR f\u00fcr die Deutsche Initiative f\u00fcr den Nahen Osten (DINO), Mitglied im Programm-Ausschuss Vorsitzender Sozialfonds K\u00f6lner Journalisten<a class=\"more-link\" href=\"https:\/\/ioer.org\/?page_id=922\">WEITER \u261e<\/a><\/p>\n","protected":false},"author":3,"featured_media":0,"parent":21,"menu_order":0,"comment_status":"closed","ping_status":"closed","template":"","meta":{"footnotes":""},"class_list":["entry","author-gberg","post-922","page","type-page","status-publish"],"_links":{"self":[{"href":"https:\/\/ioer.org\/index.php?rest_route=\/wp\/v2\/pages\/922","targetHints":{"allow":["GET"]}}],"collection":[{"href":"https:\/\/ioer.org\/index.php?rest_route=\/wp\/v2\/pages"}],"about":[{"href":"https:\/\/ioer.org\/index.php?rest_route=\/wp\/v2\/types\/page"}],"author":[{"embeddable":true,"href":"https:\/\/ioer.org\/index.php?rest_route=\/wp\/v2\/users\/3"}],"replies":[{"embeddable":true,"href":"https:\/\/ioer.org\/index.php?rest_route=%2Fwp%2Fv2%2Fcomments&post=922"}],"version-history":[{"count":2,"href":"https:\/\/ioer.org\/index.php?rest_route=\/wp\/v2\/pages\/922\/revisions"}],"predecessor-version":[{"id":924,"href":"https:\/\/ioer.org\/index.php?rest_route=\/wp\/v2\/pages\/922\/revisions\/924"}],"up":[{"embeddable":true,"href":"https:\/\/ioer.org\/index.php?rest_route=\/wp\/v2\/pages\/21"}],"wp:attachment":[{"href":"https:\/\/ioer.org\/index.php?rest_route=%2Fwp%2Fv2%2Fmedia&parent=922"}],"curies":[{"name":"wp","href":"https:\/\/api.w.org\/{rel}","templated":true}]}}

Jürgen Bremer

<div class="wp-block-image"><figure class="alignright size-full"><img loading="lazy" decoding="async" width="300" height="300" src="https://ioer.org/wp-content/uploads/2022/04/Foto-Bremer-aktuell.jpg" alt="" class="wp-image-917" srcset="https://ioer.org/wp-content/uploads/2022/04/Foto-Bremer-aktuell.jpg 300w, https://ioer.org/wp-content/uploads/2022/04/Foto-Bremer-aktuell-150x150.jpg 150w" sizes="auto, (max-width: 300px) 100vw, 300px" /><figcaption>Jürgen Bremer</figcaption></figure></div>



<p>Jurist und Journalist</p>



<p>Politischer Redakteur beim Kölner Stadt-Anzeiger, WDR-Pressesprecher, stv. ARD-Sprecher, stv. phoenix-Programmgeschäftsführer und Leiter der Gesprächsredaktion.</p>



<p>Lehrbeauftragter und Professor für Medienrecht an der Hochschule Bonn-Rhein-Sieg (bis 2019)</p>



<p>Mitglied im 12. Rundfunkrat des WDR für die Deutsche Initiative für den Nahen Osten (DINO), Mitglied im Programm-Ausschuss</p>



<p>Vorsitzender Sozialfonds Kölner Journalisten</p>

<p>Jurist und Journalist Politischer Redakteur beim Kölner Stadt-Anzeiger, WDR-Pressesprecher, stv. ARD-Sprecher, stv. phoenix-Programmgeschäftsführer und Leiter der Gesprächsredaktion. Lehrbeauftragter und Professor für Medienrecht an der Hochschule Bonn-Rhein-Sieg (bis 2019) Mitglied im 12. Rundfunkrat des WDR für die Deutsche Initiative für den Nahen Osten (DINO), Mitglied im Programm-Ausschuss Vorsitzender Sozialfonds Kölner Journalisten<a class="more-link" href="https://ioer.org/?page_id=922">WEITER ☞</a></p>
